Last updated on 2024-03-28 19:48:33 CET.
Flavor | Version | Tinstall | Tcheck | Ttotal | Status | Flags |
---|---|---|---|---|---|---|
r-devel-linux-x86_64-debian-clang | 0.4-7 | 2.04 | 29.04 | 31.08 | NOTE | |
r-devel-linux-x86_64-debian-gcc | 0.4-7 | 1.49 | 23.04 | 24.53 | NOTE | |
r-devel-linux-x86_64-fedora-clang | 0.4-7 | 40.89 | NOTE | |||
r-devel-linux-x86_64-fedora-gcc | 0.4-7 | 51.74 | NOTE | |||
r-devel-windows-x86_64 | 0.4-7 | 2.00 | 59.00 | 61.00 | NOTE | |
r-patched-linux-x86_64 | 0.4-7 | 2.06 | 29.52 | 31.58 | NOTE | |
r-release-linux-x86_64 | 0.4-7 | 2.00 | 28.08 | 30.08 | NOTE | |
r-release-macos-arm64 | 0.4-7 | 24.00 | NOTE | |||
r-release-macos-x86_64 | 0.4-7 | 33.00 | NOTE | |||
r-release-windows-x86_64 | 0.4-7 | 3.00 | 53.00 | 56.00 | NOTE | |
r-oldrel-macos-arm64 | 0.4-7 | 19.00 | NOTE | |||
r-oldrel-windows-x86_64 | 0.4-7 | 3.00 | 58.00 | 61.00 | NOTE |
Version: 0.4-7
Check: DESCRIPTION meta-information
Result: NOTE
Malformed Description field: should contain one or more complete sentences.
Flavors: r-devel-linux-x86_64-debian-clang, r-devel-linux-x86_64-debian-gcc, r-devel-linux-x86_64-fedora-clang, r-devel-linux-x86_64-fedora-gcc, r-devel-windows-x86_64, r-patched-linux-x86_64, r-release-linux-x86_64, r-release-macos-arm64, r-release-macos-x86_64, r-release-windows-x86_64, r-oldrel-macos-arm64, r-oldrel-windows-x86_64