Last updated on 2024-04-18 21:56:53 CEST.
Flavor | Version | Tinstall | Tcheck | Ttotal | Status | Flags |
---|---|---|---|---|---|---|
r-devel-linux-x86_64-debian-clang | 2.3.2 | 442.50 | 104.58 | 547.08 | NOTE | |
r-devel-linux-x86_64-debian-gcc | 2.3.2 | 322.33 | 85.40 | 407.73 | NOTE | |
r-devel-linux-x86_64-fedora-clang | 2.3.2 | 777.29 | NOTE | |||
r-devel-linux-x86_64-fedora-gcc | 2.3.2 | 754.72 | NOTE | |||
r-prerel-macos-arm64 | 2.3.2 | 146.00 | NOTE | |||
r-prerel-macos-x86_64 | 2.3.2 | 176.00 | NOTE | |||
r-prerel-windows-x86_64 | 2.3.2 | 318.00 | 135.00 | 453.00 | NOTE | |
r-patched-linux-x86_64 | 2.3.2 | 397.02 | 109.99 | 507.01 | NOTE | |
r-release-linux-x86_64 | 2.3.2 | 409.66 | 115.63 | 525.29 | NOTE | |
r-release-macos-arm64 | 2.3.2 | 129.00 | NOTE | |||
r-release-macos-x86_64 | 2.3.2 | 161.00 | NOTE | |||
r-release-windows-x86_64 | 2.3.2 | 385.00 | 163.00 | 548.00 | NOTE | |
r-oldrel-macos-arm64 | 2.3.2 | 127.00 | NOTE | |||
r-oldrel-windows-x86_64 | 2.3.2 | 356.00 | 143.00 | 499.00 | NOTE |
Version: 2.3.2
Check: for GNU extensions in Makefiles
Result: NOTE
GNU make is a SystemRequirements.
Flavors: r-devel-linux-x86_64-debian-clang, r-devel-linux-x86_64-debian-gcc, r-devel-linux-x86_64-fedora-clang, r-devel-linux-x86_64-fedora-gcc, r-prerel-macos-arm64, r-prerel-macos-x86_64, r-prerel-windows-x86_64, r-patched-linux-x86_64, r-release-linux-x86_64, r-release-macos-arm64, r-release-macos-x86_64, r-release-windows-x86_64, r-oldrel-macos-arm64, r-oldrel-windows-x86_64
Version: 2.3.2
Check: installed package size
Result: NOTE
installed size is 39.5Mb
sub-directories of 1Mb or more:
libs 39.0Mb
Flavors: r-prerel-macos-arm64, r-prerel-macos-x86_64, r-release-macos-arm64, r-release-macos-x86_64, r-oldrel-macos-arm64