Last updated on 2023-10-04 20:42:29 CEST.
Flavor | Version | Tinstall | Tcheck | Ttotal | Status | Flags |
---|---|---|---|---|---|---|
r-devel-linux-x86_64-debian-clang | 2.0.0 | 57.07 | 149.08 | 206.15 | OK | |
r-devel-linux-x86_64-debian-gcc | 2.0.0 | 51.94 | 110.31 | 162.25 | OK | |
r-devel-linux-x86_64-fedora-clang | 2.0.0 | 271.28 | OK | |||
r-devel-linux-x86_64-fedora-gcc | 2.0.0 | 292.12 | OK | |||
r-devel-windows-x86_64 | 2.0.0 | 49.00 | 149.00 | 198.00 | NOTE | |
r-patched-linux-x86_64 | 2.0.0 | 48.63 | 145.87 | 194.50 | OK | |
r-release-linux-x86_64 | 2.0.0 | 47.55 | 145.53 | 193.08 | OK | |
r-release-macos-arm64 | 2.0.0 | 80.00 | NOTE | |||
r-release-macos-x86_64 | 2.0.0 | 198.00 | NOTE | |||
r-release-windows-x86_64 | 2.0.0 | 67.00 | 180.00 | 247.00 | NOTE | |
r-oldrel-macos-arm64 | 2.0.0 | 83.00 | NOTE | |||
r-oldrel-macos-x86_64 | 2.0.0 | 106.00 | OK | |||
r-oldrel-windows-x86_64 | 2.0.0 | 68.00 | 161.00 | 229.00 | NOTE |
Version: 2.0.0
Check: package dependencies
Result: NOTE
Package suggested but not available for checking: 'doMC'
Flavors: r-devel-windows-x86_64, r-release-windows-x86_64, r-oldrel-windows-x86_64
Version: 2.0.0
Check: installed package size
Result: NOTE
installed size is 5.1Mb
sub-directories of 1Mb or more:
R 1.2Mb
doc 2.7Mb
Flavors: r-devel-windows-x86_64, r-release-macos-arm64, r-release-macos-x86_64, r-release-windows-x86_64, r-oldrel-macos-arm64, r-oldrel-windows-x86_64