CRAN Package Check Results for Package greybox

Last updated on 2022-11-29 20:53:01 CET.

Flavor Version Tinstall Tcheck Ttotal Status Flags
r-devel-linux-x86_64-debian-clang 1.0.6 61.26 145.11 206.37 OK
r-devel-linux-x86_64-debian-gcc 1.0.6 47.77 108.03 155.80 OK
r-devel-linux-x86_64-fedora-clang 1.0.6 277.84 OK
r-devel-linux-x86_64-fedora-gcc 1.0.6 265.19 OK
r-devel-windows-x86_64 1.0.6 59.00 195.00 254.00 NOTE
r-patched-linux-x86_64 1.0.6 53.36 137.54 190.90 OK
r-release-linux-x86_64 1.0.6 43.19 145.45 188.64 OK
r-release-macos-arm64 1.0.6 69.00 NOTE
r-release-macos-x86_64 1.0.6 92.00 OK
r-release-windows-x86_64 1.0.6 92.00 188.00 280.00 NOTE
r-oldrel-macos-arm64 1.0.6 81.00 NOTE
r-oldrel-macos-x86_64 1.0.6 101.00 OK
r-oldrel-windows-ix86+x86_64 1.0.6 106.00 221.00 327.00 NOTE

Check Details

Version: 1.0.6
Check: package dependencies
Result: NOTE
    Package suggested but not available for checking: 'doMC'
Flavors: r-devel-windows-x86_64, r-release-windows-x86_64, r-oldrel-windows-ix86+x86_64

Version: 1.0.6
Check: installed package size
Result: NOTE
     installed size is 5.0Mb
     sub-directories of 1Mb or more:
     R 1.1Mb
     doc 2.6Mb
Flavors: r-devel-windows-x86_64, r-release-macos-arm64, r-release-windows-x86_64, r-oldrel-macos-arm64, r-oldrel-windows-ix86+x86_64