Last updated on 2025-11-22 19:50:31 CET.
| Flavor | Version | Tinstall | Tcheck | Ttotal | Status | Flags |
|---|---|---|---|---|---|---|
| r-devel-linux-x86_64-debian-clang | 0.0.1 | 10.75 | 33.87 | 44.62 | NOTE | |
| r-devel-linux-x86_64-debian-gcc | 0.0.1 | 6.32 | 26.83 | 33.15 | NOTE | |
| r-devel-linux-x86_64-fedora-clang | 0.0.1 | 30.00 | 45.32 | 75.32 | OK | |
| r-devel-linux-x86_64-fedora-gcc | 0.0.1 | 17.00 | 60.85 | 77.85 | OK | |
| r-devel-windows-x86_64 | 0.0.1 | 18.00 | 69.00 | 87.00 | OK | |
| r-patched-linux-x86_64 | 0.0.1 | 10.02 | 32.00 | 42.02 | OK | |
| r-release-linux-x86_64 | 0.0.1 | 10.24 | 33.02 | 43.26 | OK | |
| r-release-macos-arm64 | 0.0.1 | OK | ||||
| r-release-macos-x86_64 | 0.0.1 | 9.00 | 47.00 | 56.00 | OK | |
| r-release-windows-x86_64 | 0.0.1 | 15.00 | 69.00 | 84.00 | OK | |
| r-oldrel-macos-arm64 | 0.0.1 | OK | ||||
| r-oldrel-macos-x86_64 | 0.0.1 | 8.00 | 53.00 | 61.00 | OK | |
| r-oldrel-windows-x86_64 | 0.0.1 | 16.00 | 84.00 | 100.00 | OK |
Version: 0.0.1
Check: CRAN incoming feasibility
Result: NOTE
Maintainer: ‘David Buch <davidbuch42@gmail.com>’
Package CITATION file contains call(s) to old-style citEntry(). Please
use bibentry() instead.
Flavors: r-devel-linux-x86_64-debian-clang, r-devel-linux-x86_64-debian-gcc