CRAN Package Check Results for Package greencrab.toolkit

Last updated on 2024-06-23 20:50:57 CEST.

Flavor Version Tinstall Tcheck Ttotal Status Flags
r-devel-linux-x86_64-debian-clang 0.2 488.70 137.98 626.68 NOTE
r-devel-linux-x86_64-debian-gcc 0.2 435.25 131.80 567.05 NOTE
r-devel-linux-x86_64-fedora-clang 0.2 801.36 NOTE
r-devel-linux-x86_64-fedora-gcc 0.2 1120.46 NOTE
r-devel-windows-x86_64 0.2 404.00 150.00 554.00 NOTE
r-patched-linux-x86_64 0.2 386.70 169.59 556.29 NOTE
r-release-linux-x86_64 0.2 387.32 169.69 557.01 NOTE
r-release-macos-arm64 0.2 189.00 NOTE
r-release-macos-x86_64 0.2 175.00 NOTE
r-release-windows-x86_64 0.2 400.00 161.00 561.00 NOTE
r-oldrel-macos-arm64 0.2 233.00 NOTE
r-oldrel-macos-x86_64 0.2 264.00 NOTE
r-oldrel-windows-x86_64 0.2 485.00 175.00 660.00 NOTE

Check Details

Version: 0.2
Check: for GNU extensions in Makefiles
Result: NOTE GNU make is a SystemRequirements. Flavors: r-devel-linux-x86_64-debian-clang, r-devel-linux-x86_64-debian-gcc, r-devel-linux-x86_64-fedora-clang, r-devel-linux-x86_64-fedora-gcc, r-devel-windows-x86_64, r-patched-linux-x86_64, r-release-linux-x86_64, r-release-macos-arm64, r-release-macos-x86_64, r-release-windows-x86_64, r-oldrel-macos-arm64, r-oldrel-macos-x86_64, r-oldrel-windows-x86_64

Version: 0.2
Check: installed package size
Result: NOTE installed size is 58.6Mb sub-directories of 1Mb or more: libs 58.4Mb Flavors: r-release-macos-arm64, r-release-macos-x86_64, r-oldrel-macos-arm64, r-oldrel-macos-x86_64