Last updated on 2024-04-18 21:56:52 CEST.
Flavor | Version | Tinstall | Tcheck | Ttotal | Status | Flags |
---|---|---|---|---|---|---|
r-devel-linux-x86_64-debian-clang | 0.1.0 | 4.47 | 46.79 | 51.26 | NOTE | |
r-devel-linux-x86_64-debian-gcc | 0.1.0 | 4.07 | 34.56 | 38.63 | NOTE | |
r-devel-linux-x86_64-fedora-clang | 0.1.0 | 62.73 | NOTE | |||
r-devel-linux-x86_64-fedora-gcc | 0.1.0 | 60.39 | NOTE | |||
r-prerel-macos-arm64 | 0.1.0 | 23.00 | NOTE | |||
r-prerel-windows-x86_64 | 0.1.0 | 7.00 | 54.00 | 61.00 | NOTE | |
r-patched-linux-x86_64 | 0.1.0 | 4.44 | 43.20 | 47.64 | NOTE | |
r-release-linux-x86_64 | 0.1.0 | 5.19 | 43.57 | 48.76 | OK | |
r-release-macos-arm64 | 0.1.0 | 23.00 | OK | |||
r-release-macos-x86_64 | 0.1.0 | 33.00 | OK | |||
r-release-windows-x86_64 | 0.1.0 | 7.00 | 59.00 | 66.00 | OK | |
r-oldrel-macos-arm64 | 0.1.0 | 23.00 | OK | |||
r-oldrel-windows-x86_64 | 0.1.0 | 7.00 | 64.00 | 71.00 | OK |
Version: 0.1.0
Check: Rd files
Result: NOTE
checkRd: (-1) Granger.inference.difference.Rd:65: Lost braces; missing escapes or markup?
65 | least one root larger than one) on bootstrapped \verb{x} and {y}.
| ^
checkRd: (-1) Granger.inference.difference.Rd:68: Lost braces; missing escapes or markup?
68 | least one root larger than one) on bootstrapped \verb{x} and {z}.
| ^
checkRd: (-1) Granger.inference.difference.Rd:71: Lost braces; missing escapes or markup?
71 | least one root larger than one) on bootstrapped \verb{x}, \verb{y} and {z}.
| ^
Flavors: r-devel-linux-x86_64-debian-clang, r-devel-linux-x86_64-debian-gcc, r-devel-linux-x86_64-fedora-clang, r-devel-linux-x86_64-fedora-gcc, r-prerel-macos-arm64, r-prerel-windows-x86_64, r-patched-linux-x86_64