Last updated on 2024-03-28 19:48:33 CET.
Flavor | Version | Tinstall | Tcheck | Ttotal | Status | Flags |
---|---|---|---|---|---|---|
r-devel-linux-x86_64-debian-clang | 4.0.1 | 20.00 | 208.78 | 228.78 | OK | |
r-devel-linux-x86_64-debian-gcc | 4.0.1 | 14.03 | 152.82 | 166.85 | OK | |
r-devel-linux-x86_64-fedora-clang | 4.0.1 | 278.46 | NOTE | |||
r-devel-linux-x86_64-fedora-gcc | 4.0.1 | 271.44 | OK | |||
r-devel-windows-x86_64 | 4.0.1 | 19.00 | 173.00 | 192.00 | NOTE | |
r-patched-linux-x86_64 | 4.0.1 | 25.75 | 195.43 | 221.18 | OK | |
r-release-linux-x86_64 | 4.0.1 | 18.42 | 198.01 | 216.43 | OK | |
r-release-macos-arm64 | 4.0.1 | 89.00 | NOTE | |||
r-release-macos-x86_64 | 4.0.1 | 190.00 | NOTE | |||
r-release-windows-x86_64 | 4.0.1 | 23.00 | 220.00 | 243.00 | NOTE | |
r-oldrel-macos-arm64 | 4.0.1 | 88.00 | NOTE | |||
r-oldrel-windows-x86_64 | 4.0.1 | 25.00 | 214.00 | 239.00 | NOTE |
Version: 4.0.1
Check: installed package size
Result: NOTE
installed size is 5.6Mb
sub-directories of 1Mb or more:
help 5.3Mb
Flavors: r-devel-linux-x86_64-fedora-clang, r-devel-windows-x86_64, r-release-macos-arm64, r-release-macos-x86_64, r-release-windows-x86_64, r-oldrel-macos-arm64, r-oldrel-windows-x86_64
Version: 4.0.1
Check: Rd cross-references
Result: NOTE
Undeclared package ‘gratia’ in Rd xrefs
Flavor: r-devel-linux-x86_64-fedora-clang