CRAN Package Check Results for Package govdown

Last updated on 2025-05-06 20:50:42 CEST.

Flavor Version Tinstall Tcheck Ttotal Status Flags
r-devel-linux-x86_64-debian-clang 0.10.1 1.86 20.56 22.42 OK
r-devel-linux-x86_64-debian-gcc 0.10.1 1.69 16.42 18.11 OK
r-devel-linux-x86_64-fedora-clang 0.10.1 32.77 OK
r-devel-linux-x86_64-fedora-gcc 0.10.1 33.18 OK
r-devel-windows-x86_64 0.10.1 4.00 41.00 45.00 OK
r-patched-linux-x86_64 0.10.1 1.94 18.66 20.60 OK
r-release-linux-x86_64 0.10.1 2.04 18.63 20.67 OK
r-release-macos-arm64 0.10.1 19.00 OK
r-release-macos-x86_64 0.10.1 28.00 OK
r-release-windows-x86_64 0.10.1 4.00 40.00 44.00 OK
r-oldrel-macos-arm64 0.10.1 16.00 NOTE
r-oldrel-macos-x86_64 0.10.1 22.00 NOTE
r-oldrel-windows-x86_64 0.10.1 4.00 44.00 48.00 NOTE

Check Details

Version: 0.10.1
Check: LazyData
Result: NOTE 'LazyData' is specified without a 'data' directory Flavors: r-oldrel-macos-arm64, r-oldrel-macos-x86_64, r-oldrel-windows-x86_64