Last updated on 2024-04-27 21:20:21 CEST.
Flavor | Version | Tinstall | Tcheck | Ttotal | Status | Flags |
---|---|---|---|---|---|---|
r-devel-linux-x86_64-debian-clang | 0.1 | 2.02 | 20.56 | 22.58 | NOTE | |
r-devel-linux-x86_64-debian-gcc | 0.1 | 1.51 | 15.84 | 17.35 | NOTE | |
r-devel-linux-x86_64-fedora-clang | 0.1 | 28.00 | NOTE | |||
r-devel-linux-x86_64-fedora-gcc | 0.1 | 27.14 | NOTE | |||
r-devel-windows-x86_64 | 0.1 | 2.00 | 34.00 | 36.00 | NOTE | |
r-patched-linux-x86_64 | 0.1 | 2.16 | 19.73 | 21.89 | NOTE | |
r-release-linux-x86_64 | 0.1 | 2.00 | 20.09 | 22.09 | NOTE | |
r-release-macos-arm64 | 0.1 | 13.00 | NOTE | |||
r-release-windows-x86_64 | 0.1 | 2.00 | 34.00 | 36.00 | NOTE | |
r-oldrel-macos-arm64 | 0.1 | 14.00 | NOTE | |||
r-oldrel-macos-x86_64 | 0.1 | 18.00 | NOTE | |||
r-oldrel-windows-x86_64 | 0.1 | 3.00 | 33.00 | 36.00 | NOTE |
Version: 0.1
Check: DESCRIPTION meta-information
Result: NOTE
Malformed Description field: should contain one or more complete sentences.
Flavors: r-devel-linux-x86_64-debian-clang, r-devel-linux-x86_64-debian-gcc, r-devel-linux-x86_64-fedora-clang, r-devel-linux-x86_64-fedora-gcc, r-devel-windows-x86_64, r-patched-linux-x86_64, r-release-linux-x86_64, r-release-macos-arm64, r-release-windows-x86_64, r-oldrel-macos-arm64, r-oldrel-macos-x86_64, r-oldrel-windows-x86_64