CRAN Package Check Results for Package googleCloudVisionR

Last updated on 2023-12-03 20:51:13 CET.

Flavor Version Tinstall Tcheck Ttotal Status Flags
r-devel-linux-x86_64-debian-clang 0.2.0 5.19 41.53 46.72 NOTE
r-devel-linux-x86_64-debian-gcc 0.2.0 3.88 30.59 34.47 NOTE
r-devel-linux-x86_64-fedora-clang 0.2.0 56.70 NOTE
r-devel-linux-x86_64-fedora-gcc 0.2.0 55.02 NOTE
r-devel-windows-x86_64 0.2.0 5.00 53.00 58.00 NOTE
r-patched-linux-x86_64 0.2.0 4.31 39.46 43.77 NOTE
r-release-linux-x86_64 0.2.0 4.89 38.78 43.67 NOTE
r-release-macos-arm64 0.2.0 23.00 NOTE
r-release-macos-x86_64 0.2.0 32.00 NOTE
r-release-windows-x86_64 0.2.0 6.00 58.00 64.00 NOTE
r-oldrel-macos-arm64 0.2.0 19.00 NOTE
r-oldrel-macos-x86_64 0.2.0 27.00 NOTE
r-oldrel-windows-x86_64 0.2.0 7.00 64.00 71.00 NOTE

Check Details

Version: 0.2.0
Check: LazyData
Result: NOTE 'LazyData' is specified without a 'data' directory Flavors: r-devel-linux-x86_64-debian-clang, r-devel-linux-x86_64-debian-gcc, r-devel-linux-x86_64-fedora-clang, r-devel-linux-x86_64-fedora-gcc, r-devel-windows-x86_64, r-patched-linux-x86_64, r-release-linux-x86_64, r-release-macos-arm64, r-release-macos-x86_64, r-release-windows-x86_64, r-oldrel-macos-arm64, r-oldrel-macos-x86_64, r-oldrel-windows-x86_64