CRAN Package Check Results for Package golem

Last updated on 2022-11-29 20:53:01 CET.

Flavor Version Tinstall Tcheck Ttotal Status Flags
r-devel-linux-x86_64-debian-clang 0.3.5 10.68 137.90 148.58 OK
r-devel-linux-x86_64-debian-gcc 0.3.5 8.21 104.58 112.79 OK
r-devel-linux-x86_64-fedora-clang 0.3.5 215.87 OK
r-devel-linux-x86_64-fedora-gcc 0.3.5 399.47 OK
r-devel-windows-x86_64 0.3.5 48.00 301.00 349.00 OK
r-patched-linux-x86_64 0.3.5 11.68 129.62 141.30 OK
r-release-linux-x86_64 0.3.5 7.70 123.91 131.61 OK
r-release-macos-arm64 0.3.5 207.00 OK
r-release-macos-x86_64 0.3.5 281.00 OK
r-release-windows-x86_64 0.3.5 58.00 312.00 370.00 OK
r-oldrel-macos-arm64 0.3.5 208.00 OK
r-oldrel-macos-x86_64 0.3.5 292.00 OK
r-oldrel-windows-ix86+x86_64 0.3.5 23.00 244.00 267.00 WARN

Check Details

Version: 0.3.5
Check: for unstated dependencies in ‘tests’
Result: WARN
    Warning: unable to access index for repository https://bioconductor.org/packages/3.14/bioc/src/contrib:
     cannot open URL 'https://bioconductor.org/packages/3.14/bioc/src/contrib/PACKAGES'
    Warning: unable to access index for repository https://bioconductor.org/packages/3.14/data/annotation/src/contrib:
     cannot open URL 'https://bioconductor.org/packages/3.14/data/annotation/src/contrib/PACKAGES'
    Warning: unable to access index for repository https://bioconductor.org/packages/3.14/data/experiment/src/contrib:
     cannot open URL 'https://bioconductor.org/packages/3.14/data/experiment/src/contrib/PACKAGES'
Flavor: r-oldrel-windows-ix86+x86_64