Last updated on 2024-04-22 20:53:38 CEST.
Flavor | Version | Tinstall | Tcheck | Ttotal | Status | Flags |
---|---|---|---|---|---|---|
r-devel-linux-x86_64-debian-clang | 1.6.8 | 256.70 | 139.98 | 396.68 | OK | |
r-devel-linux-x86_64-debian-gcc | 1.6.8 | 196.31 | 97.76 | 294.07 | OK | |
r-devel-linux-x86_64-fedora-clang | 1.6.8 | 576.25 | OK | |||
r-devel-linux-x86_64-fedora-gcc | 1.6.8 | 544.98 | OK | |||
r-prerel-macos-arm64 | 1.6.8 | 115.00 | NOTE | |||
r-prerel-macos-x86_64 | 1.6.8 | 226.00 | NOTE | |||
r-prerel-windows-x86_64 | 1.6.8 | 190.00 | 132.00 | 322.00 | OK | |
r-patched-linux-x86_64 | 1.6.8 | 241.15 | 129.76 | 370.91 | OK | |
r-release-linux-x86_64 | 1.6.8 | 244.30 | 131.95 | 376.25 | OK | |
r-release-macos-arm64 | 1.6.8 | 112.00 | NOTE | |||
r-release-macos-x86_64 | 1.6.8 | 175.00 | NOTE | |||
r-release-windows-x86_64 | 1.6.8 | 237.00 | 158.00 | 395.00 | OK | |
r-oldrel-macos-arm64 | 1.6.8 | 107.00 | NOTE | |||
r-oldrel-windows-x86_64 | 1.6.8 | 230.00 | 153.00 | 383.00 | OK |
Version: 1.6.8
Check: installed package size
Result: NOTE
installed size is 7.4Mb
sub-directories of 1Mb or more:
libs 5.7Mb
Flavors: r-prerel-macos-arm64, r-prerel-macos-x86_64, r-release-macos-arm64, r-release-macos-x86_64, r-oldrel-macos-arm64