CRAN Package Check Results for Package goftest

Last updated on 2022-10-07 21:51:07 CEST.

Flavor Version Tinstall Tcheck Ttotal Status Flags
r-devel-linux-x86_64-debian-clang 1.2-3 3.50 26.71 30.21 OK
r-devel-linux-x86_64-debian-gcc 1.2-3 2.33 20.79 23.12 NOTE
r-devel-linux-x86_64-fedora-clang 1.2-3 49.63 OK
r-devel-linux-x86_64-fedora-gcc 1.2-3 45.87 OK
r-devel-windows-x86_64 1.2-3 13.00 55.00 68.00 OK
r-patched-linux-x86_64 1.2-3 2.96 25.33 28.29 OK
r-release-linux-x86_64 1.2-3 2.93 24.77 27.70 OK
r-release-macos-arm64 1.2-3 17.00 OK
r-release-macos-x86_64 1.2-3 24.00 OK
r-release-windows-x86_64 1.2-3 8.00 52.00 60.00 OK
r-oldrel-macos-arm64 1.2-3 19.00 OK
r-oldrel-macos-x86_64 1.2-3 40.00 OK
r-oldrel-windows-ix86+x86_64 1.2-3 10.00 72.00 82.00 OK

Check Details

Version: 1.2-3
Check: compilation flags used
Result: NOTE
    Compilation used the following non-portable flag(s):
     ‘-Wstrict-prototypes’
Flavor: r-devel-linux-x86_64-debian-gcc