Last updated on 2024-04-22 20:53:38 CEST.
Flavor | Version | Tinstall | Tcheck | Ttotal | Status | Flags |
---|---|---|---|---|---|---|
r-devel-linux-x86_64-debian-clang | 0.1.2 | 47.57 | 124.72 | 172.29 | OK | |
r-devel-linux-x86_64-debian-gcc | 0.1.2 | 32.28 | 94.18 | 126.46 | OK | |
r-devel-linux-x86_64-fedora-clang | 0.1.2 | 220.92 | NOTE | |||
r-devel-linux-x86_64-fedora-gcc | 0.1.2 | 222.12 | NOTE | |||
r-prerel-macos-arm64 | 0.1.2 | 58.00 | OK | |||
r-prerel-windows-x86_64 | 0.1.2 | 35.00 | 132.00 | 167.00 | OK | |
r-patched-linux-x86_64 | 0.1.2 | 31.75 | 120.72 | 152.47 | OK | |
r-release-linux-x86_64 | 0.1.2 | 42.27 | 126.60 | 168.87 | OK | |
r-release-macos-arm64 | 0.1.2 | 64.00 | OK | |||
r-release-macos-x86_64 | 0.1.2 | 133.00 | OK | |||
r-release-windows-x86_64 | 0.1.2 | 44.00 | 158.00 | 202.00 | OK | |
r-oldrel-macos-arm64 | 0.1.2 | 81.00 | OK | |||
r-oldrel-windows-x86_64 | 0.1.2 | 44.00 | 155.00 | 199.00 | OK |
Version: 0.1.2
Check: data for non-ASCII characters
Result: NOTE
Note: found 1352 marked UTF-8 strings
Flavors: r-devel-linux-x86_64-fedora-clang, r-devel-linux-x86_64-fedora-gcc