Last updated on 2024-04-22 20:53:37 CEST.
Flavor | Version | Tinstall | Tcheck | Ttotal | Status | Flags |
---|---|---|---|---|---|---|
r-devel-linux-x86_64-debian-clang | 1.1.2 | 3.44 | 36.58 | 40.02 | NOTE | |
r-devel-linux-x86_64-debian-gcc | 1.1.2 | 2.63 | 28.28 | 30.91 | NOTE | |
r-devel-linux-x86_64-fedora-clang | 1.1.2 | 49.09 | NOTE | |||
r-devel-linux-x86_64-fedora-gcc | 1.1.2 | 49.75 | NOTE | |||
r-prerel-macos-arm64 | 1.1.2 | 21.00 | NOTE | |||
r-prerel-windows-x86_64 | 1.1.2 | 3.00 | 51.00 | 54.00 | NOTE | |
r-patched-linux-x86_64 | 1.1.2 | 3.63 | 34.84 | 38.47 | NOTE | |
r-release-linux-x86_64 | 1.1.2 | 2.34 | 35.22 | 37.56 | OK | |
r-release-macos-arm64 | 1.1.2 | 22.00 | OK | |||
r-release-macos-x86_64 | 1.1.2 | 39.00 | OK | |||
r-release-windows-x86_64 | 1.1.2 | 4.00 | 54.00 | 58.00 | OK | |
r-oldrel-macos-arm64 | 1.1.2 | 28.00 | OK | |||
r-oldrel-windows-x86_64 | 1.1.2 | 5.00 | 57.00 | 62.00 | OK |
Version: 1.1.2
Check: Rd files
Result: NOTE
checkRd: (-1) gnrflex.Rd:31: Lost braces in \itemize; \value handles \item{}{} directly
checkRd: (-1) gnrflex.Rd:32: Lost braces in \itemize; \value handles \item{}{} directly
checkRd: (-1) gnrflex.Rd:33: Lost braces in \itemize; \value handles \item{}{} directly
checkRd: (-1) gnrflex.Rd:34: Lost braces in \itemize; \value handles \item{}{} directly
checkRd: (-1) gnrflex.Rd:35: Lost braces in \itemize; \value handles \item{}{} directly
checkRd: (-1) gnrflex.Rd:36: Lost braces in \itemize; \value handles \item{}{} directly
checkRd: (-1) gnrflex.Rd:41: Lost braces in \itemize; \value handles \item{}{} directly
checkRd: (-1) gnrflex.Rd:42: Lost braces in \itemize; \value handles \item{}{} directly
checkRd: (-1) gnrflex.Rd:43: Lost braces in \itemize; \value handles \item{}{} directly
checkRd: (-1) gnrflex.Rd:44: Lost braces in \itemize; \value handles \item{}{} directly
checkRd: (-1) gnrflex.Rd:45: Lost braces in \itemize; \value handles \item{}{} directly
checkRd: (-1) gnrflex.Rd:46: Lost braces in \itemize; \value handles \item{}{} directly
checkRd: (-1) gnrflex.Rd:47: Lost braces in \itemize; \value handles \item{}{} directly
checkRd: (-1) gnrflex.Rd:48: Lost braces in \itemize; \value handles \item{}{} directly
checkRd: (-1) gnrflex.Rd:49: Lost braces in \itemize; \value handles \item{}{} directly
checkRd: (-1) gnrprod.Rd:47: Lost braces in \itemize; \value handles \item{}{} directly
checkRd: (-1) gnrprod.Rd:48: Lost braces in \itemize; \value handles \item{}{} directly
checkRd: (-1) gnrprod.Rd:49: Lost braces in \itemize; \value handles \item{}{} directly
checkRd: (-1) gnrprod.Rd:50: Lost braces in \itemize; \value handles \item{}{} directly
checkRd: (-1) gnrprod.Rd:51: Lost braces in \itemize; \value handles \item{}{} directly
checkRd: (-1) gnrprod.Rd:56: Lost braces in \itemize; \value handles \item{}{} directly
checkRd: (-1) gnrprod.Rd:57: Lost braces in \itemize; \value handles \item{}{} directly
checkRd: (-1) gnrprod.Rd:58: Lost braces in \itemize; \value handles \item{}{} directly
checkRd: (-1) gnrprod.Rd:59: Lost braces in \itemize; \value handles \item{}{} directly
checkRd: (-1) gnrprod.Rd:60: Lost braces in \itemize; \value handles \item{}{} directly
checkRd: (-1) summary.gnr.Rd:17: Lost braces in \itemize; \value handles \item{}{} directly
checkRd: (-1) summary.gnr.Rd:18: Lost braces in \itemize; \value handles \item{}{} directly
checkRd: (-1) summary.gnr.Rd:19: Lost braces in \itemize; \value handles \item{}{} directly
checkRd: (-1) summary.gnr.Rd:20: Lost braces in \itemize; \value handles \item{}{} directly
checkRd: (-1) summary.gnr.Rd:21: Lost braces in \itemize; \value handles \item{}{} directly
checkRd: (-1) summary.gnr.Rd:22: Lost braces in \itemize; \value handles \item{}{} directly
checkRd: (-1) summary.gnr.Rd:23: Lost braces in \itemize; \value handles \item{}{} directly
checkRd: (-1) summary.gnr.Rd:24: Lost braces in \itemize; \value handles \item{}{} directly
checkRd: (-1) summary.gnr.Rd:25: Lost braces in \itemize; \value handles \item{}{} directly
checkRd: (-1) summary.gnr.Rd:26: Lost braces in \itemize; \value handles \item{}{} directly
checkRd: (-1) summary.gnr.Rd:27: Lost braces in \itemize; \value handles \item{}{} directly
checkRd: (-1) summary.gnr.Rd:28: Lost braces in \itemize; \value handles \item{}{} directly
checkRd: (-1) summary.gnr.Rd:29: Lost braces in \itemize; \value handles \item{}{} directly
checkRd: (-1) summary.gnr.Rd:30: Lost braces in \itemize; \value handles \item{}{} directly
Flavors: r-devel-linux-x86_64-debian-clang, r-devel-linux-x86_64-debian-gcc, r-devel-linux-x86_64-fedora-clang, r-devel-linux-x86_64-fedora-gcc, r-prerel-macos-arm64, r-prerel-windows-x86_64, r-patched-linux-x86_64