Last updated on 2023-03-26 20:49:46 CEST.
Flavor | Version | Tinstall | Tcheck | Ttotal | Status | Flags |
---|---|---|---|---|---|---|
r-devel-linux-x86_64-debian-clang | 1.1-2 | 12.86 | 134.33 | 147.19 | NOTE | |
r-devel-linux-x86_64-debian-gcc | 1.1-2 | 12.63 | 103.04 | 115.67 | NOTE | |
r-devel-linux-x86_64-fedora-clang | 1.1-2 | 189.33 | NOTE | |||
r-devel-linux-x86_64-fedora-gcc | 1.1-2 | 191.66 | NOTE | |||
r-patched-linux-x86_64 | 1.1-2 | 17.49 | 131.26 | 148.75 | NOTE | |
r-release-linux-x86_64 | 1.1-2 | 10.92 | 126.18 | 137.10 | OK | |
r-release-macos-arm64 | 1.1-2 | 56.00 | OK | |||
r-release-macos-x86_64 | 1.1-2 | 91.00 | OK | |||
r-release-windows-x86_64 | 1.1-2 | 64.00 | 214.00 | 278.00 | OK | |
r-oldrel-macos-arm64 | 1.1-2 | 59.00 | OK | |||
r-oldrel-macos-x86_64 | 1.1-2 | 77.00 | OK | |||
r-oldrel-windows-ix86+x86_64 | 1.1-2 | 29.00 | 209.00 | 238.00 | OK |
Version: 1.1-2
Check: Rd files
Result: NOTE
checkRd: (-1) barleyHeights.Rd:18: Escaped LaTeX specials: \&
checkRd: (-1) barleyHeights.Rd:22: Escaped LaTeX specials: \&
Flavors: r-devel-linux-x86_64-debian-clang, r-devel-linux-x86_64-debian-gcc, r-devel-linux-x86_64-fedora-clang, r-devel-linux-x86_64-fedora-gcc, r-patched-linux-x86_64