Last updated on 2024-04-18 21:56:52 CEST.
Flavor | Version | Tinstall | Tcheck | Ttotal | Status | Flags |
---|---|---|---|---|---|---|
r-devel-linux-x86_64-debian-clang | 0.4.0 | 7.19 | 69.14 | 76.33 | NOTE | |
r-devel-linux-x86_64-debian-gcc | 0.4.0 | 5.98 | 49.68 | 55.66 | NOTE | |
r-devel-linux-x86_64-fedora-clang | 0.4.0 | 94.24 | NOTE | |||
r-devel-linux-x86_64-fedora-gcc | 0.4.0 | 91.49 | NOTE | |||
r-prerel-macos-arm64 | 0.4.0 | 30.00 | NOTE | |||
r-prerel-windows-x86_64 | 0.4.0 | 9.00 | 71.00 | 80.00 | NOTE | |
r-patched-linux-x86_64 | 0.4.0 | 7.73 | 64.68 | 72.41 | NOTE | |
r-release-linux-x86_64 | 0.4.0 | 6.33 | 66.41 | 72.74 | NOTE | |
r-release-macos-arm64 | 0.4.0 | 30.00 | NOTE | |||
r-release-macos-x86_64 | 0.4.0 | 48.00 | NOTE | |||
r-release-windows-x86_64 | 0.4.0 | 10.00 | 83.00 | 93.00 | NOTE | |
r-oldrel-macos-arm64 | 0.4.0 | 30.00 | OK | |||
r-oldrel-windows-x86_64 | 0.4.0 | 12.00 | 86.00 | 98.00 | OK |
Version: 0.4.0
Check: Rd files
Result: NOTE
checkRd: (-1) replace_in_file.Rd:40: Escaped LaTeX specials: \#
Flavors: r-devel-linux-x86_64-debian-clang, r-devel-linux-x86_64-debian-gcc, r-devel-linux-x86_64-fedora-clang, r-devel-linux-x86_64-fedora-gcc, r-prerel-macos-arm64, r-prerel-windows-x86_64, r-patched-linux-x86_64, r-release-linux-x86_64, r-release-macos-arm64, r-release-macos-x86_64, r-release-windows-x86_64