Last updated on 2024-07-17 20:57:01 CEST.
Flavor | Version | Tinstall | Tcheck | Ttotal | Status | Flags |
---|---|---|---|---|---|---|
r-devel-linux-x86_64-debian-clang | 1.1-3.2 | 14.89 | 109.01 | 123.90 | OK | |
r-devel-linux-x86_64-debian-gcc | 1.1-3.2 | 11.82 | 80.54 | 92.36 | OK | |
r-devel-linux-x86_64-fedora-clang | 1.1-3.2 | 153.83 | NOTE | |||
r-devel-linux-x86_64-fedora-gcc | 1.1-3.2 | 144.56 | OK | |||
r-devel-windows-x86_64 | 1.1-3.2 | 14.00 | 92.00 | 106.00 | OK | |
r-patched-linux-x86_64 | 1.1-3.2 | 12.83 | 106.90 | 119.73 | OK | |
r-release-linux-x86_64 | 1.1-3.2 | 13.96 | 103.21 | 117.17 | OK | |
r-release-macos-arm64 | 1.1-3.2 | 43.00 | OK | |||
r-release-macos-x86_64 | 1.1-3.2 | 65.00 | OK | |||
r-release-windows-x86_64 | 1.1-3.2 | 14.00 | 94.00 | 108.00 | OK | |
r-oldrel-macos-arm64 | 1.1-3.2 | 46.00 | OK | |||
r-oldrel-macos-x86_64 | 1.1-3.2 | 71.00 | OK | |||
r-oldrel-windows-x86_64 | 1.1-3.2 | 17.00 | 112.00 | 129.00 | OK |
Version: 1.1-3.2
Check: Rd cross-references
Result: NOTE
Undeclared package ‘sandwich’ in Rd xrefs
Flavor: r-devel-linux-x86_64-fedora-clang