Last updated on 2024-03-28 19:48:32 CET.
Flavor | Version | Tinstall | Tcheck | Ttotal | Status | Flags |
---|---|---|---|---|---|---|
r-devel-linux-x86_64-debian-clang | 7.0 | 9.83 | 82.56 | 92.39 | OK | |
r-devel-linux-x86_64-debian-gcc | 7.0 | 9.36 | 62.45 | 71.81 | OK | |
r-devel-linux-x86_64-fedora-clang | 7.0 | 117.13 | OK | |||
r-devel-linux-x86_64-fedora-gcc | 7.0 | 114.17 | OK | |||
r-devel-windows-x86_64 | 7.0 | 10.00 | 84.00 | 94.00 | OK | |
r-patched-linux-x86_64 | 7.0 | 8.26 | 81.51 | 89.77 | OK | |
r-release-linux-x86_64 | 7.0 | 7.19 | 79.23 | 86.42 | OK | |
r-release-macos-arm64 | 7.0 | 36.00 | OK | |||
r-release-macos-x86_64 | 7.0 | 69.00 | ERROR | |||
r-release-windows-x86_64 | 7.0 | 14.00 | 98.00 | 112.00 | OK | |
r-oldrel-macos-arm64 | 7.0 | 33.00 | OK | |||
r-oldrel-windows-x86_64 | 7.0 | 14.00 | 104.00 | 118.00 | OK |
Version: 7.0
Check: examples
Result: ERROR
Running examples in ‘gluvarpro-Ex.R’ failed
The error most likely occurred in:
> ### Name: preprocessgvp
> ### Title: preprocessing raw data from continuous glucose monitoring
> ### Aliases: preprocessgvp
>
> ### ** Examples
>
> data("datagvp4")
> preprocessgvp(datagvp4)
Error in preprocessgvp(datagvp4) :
Variable date and time must have yyyy/mm/dd and hh:mm:ss format.
Execution halted
Flavor: r-release-macos-x86_64