Last updated on 2025-11-02 23:49:39 CET.
| Flavor | Version | Tinstall | Tcheck | Ttotal | Status | Flags | 
|---|---|---|---|---|---|---|
| r-devel-linux-x86_64-debian-clang | 0.1.3 | 28.04 | 220.43 | 248.47 | OK | |
| r-devel-linux-x86_64-debian-gcc | 0.1.3 | 14.28 | 131.67 | 145.95 | OK | |
| r-devel-linux-x86_64-fedora-clang | 0.1.3 | 61.00 | 330.73 | 391.73 | NOTE | |
| r-devel-linux-x86_64-fedora-gcc | 0.1.3 | 56.00 | 311.21 | 367.21 | NOTE | |
| r-devel-windows-x86_64 | 0.1.3 | 22.00 | 167.00 | 189.00 | OK | |
| r-patched-linux-x86_64 | 0.1.3 | 25.11 | 206.81 | 231.92 | OK | |
| r-release-linux-x86_64 | 0.1.3 | 22.48 | 206.61 | 229.09 | OK | |
| r-release-macos-arm64 | 0.1.3 | 10.00 | 74.00 | 84.00 | OK | |
| r-release-macos-x86_64 | 0.1.3 | 23.00 | 166.00 | 189.00 | OK | |
| r-release-windows-x86_64 | 0.1.3 | 24.00 | 162.00 | 186.00 | OK | |
| r-oldrel-macos-arm64 | 0.1.3 | 11.00 | 78.00 | 89.00 | OK | |
| r-oldrel-macos-x86_64 | 0.1.3 | 18.00 | 164.00 | 182.00 | OK | |
| r-oldrel-windows-x86_64 | 0.1.3 | 31.00 | 230.00 | 261.00 | OK | 
Version: 0.1.3
Check: dependencies in R code
Result: NOTE
  Namespace in Imports field not imported from: ‘lwgeom’
    All declared Imports should be used.
Flavors: r-devel-linux-x86_64-fedora-clang, r-devel-linux-x86_64-fedora-gcc