Last updated on 2024-03-27 19:56:53 CET.
Flavor | Version | Tinstall | Tcheck | Ttotal | Status | Flags |
---|---|---|---|---|---|---|
r-devel-linux-x86_64-debian-clang | 0.2-0 | 4.66 | 46.54 | 51.20 | OK | |
r-devel-linux-x86_64-debian-gcc | 0.2-0 | 3.69 | 34.66 | 38.35 | OK | |
r-devel-linux-x86_64-fedora-clang | 0.2-0 | 63.65 | OK | |||
r-devel-linux-x86_64-fedora-gcc | 0.2-0 | 61.81 | OK | |||
r-devel-windows-x86_64 | 0.2-0 | 5.00 | 58.00 | 63.00 | OK | |
r-patched-linux-x86_64 | 0.2-0 | 5.74 | 43.31 | 49.05 | OK | |
r-release-linux-x86_64 | 0.2-0 | 4.68 | 43.76 | 48.44 | OK | |
r-release-macos-arm64 | 0.2-0 | 26.00 | OK | |||
r-release-macos-x86_64 | 0.2-0 | 37.00 | NOTE | |||
r-release-windows-x86_64 | 0.2-0 | 6.00 | 61.00 | 67.00 | OK | |
r-oldrel-macos-arm64 | 0.2-0 | 22.00 | OK | |||
r-oldrel-windows-x86_64 | 0.2-0 | 6.00 | 64.00 | 70.00 | OK |
Version: 0.2-0
Check: package dependencies
Result: NOTE
Package suggested but not available for checking: ‘AER’
Flavor: r-release-macos-x86_64