CRAN Package Check Results for Package glmtree

Last updated on 2022-10-03 21:53:38 CEST.

Flavor Version Tinstall Tcheck Ttotal Status Flags
r-devel-linux-x86_64-debian-clang 0.2 3.16 146.57 149.73 NOTE
r-devel-linux-x86_64-debian-gcc 0.2 2.54 111.19 113.73 NOTE
r-devel-linux-x86_64-fedora-clang 0.2 180.71 NOTE
r-devel-linux-x86_64-fedora-gcc 0.2 197.71 NOTE
r-devel-windows-x86_64 0.2 22.00 178.00 200.00 NOTE
r-patched-linux-x86_64 0.2 3.14 141.01 144.15 NOTE
r-release-linux-x86_64 0.2 3.28 144.14 147.42 NOTE
r-release-macos-arm64 0.2 48.00 NOTE
r-release-macos-x86_64 0.2 86.00 NOTE
r-release-windows-x86_64 0.2 12.00 161.00 173.00 NOTE
r-oldrel-macos-arm64 0.2 62.00 NOTE
r-oldrel-macos-x86_64 0.2 81.00 NOTE
r-oldrel-windows-ix86+x86_64 0.2 8.00 173.00 181.00 NOTE

Check Details

Version: 0.2
Check: LazyData
Result: NOTE
     'LazyData' is specified without a 'data' directory
Flavors: r-devel-linux-x86_64-debian-clang, r-devel-linux-x86_64-debian-gcc, r-devel-linux-x86_64-fedora-clang, r-devel-linux-x86_64-fedora-gcc, r-devel-windows-x86_64, r-patched-linux-x86_64, r-release-linux-x86_64, r-release-macos-arm64, r-release-macos-x86_64, r-release-windows-x86_64, r-oldrel-macos-arm64, r-oldrel-macos-x86_64, r-oldrel-windows-ix86+x86_64