CRAN Package Check Results for Package glmtlp

Last updated on 2022-09-28 21:51:38 CEST.

Flavor Version Tinstall Tcheck Ttotal Status Flags
r-devel-linux-x86_64-debian-clang 2.0.1 14.38 74.75 89.13 OK
r-devel-linux-x86_64-debian-gcc 2.0.1 11.71 55.64 67.35 OK
r-devel-linux-x86_64-fedora-clang 2.0.1 131.54 OK
r-devel-linux-x86_64-fedora-gcc 2.0.1 125.97 OK
r-devel-windows-x86_64 2.0.1 32.00 128.00 160.00 OK
r-patched-linux-x86_64 2.0.1 13.62 69.19 82.81 OK
r-release-linux-x86_64 2.0.1 13.04 69.49 82.53 OK
r-release-macos-arm64 2.0.1 38.00 OK
r-release-macos-x86_64 2.0.1 58.00 OK
r-release-windows-x86_64 2.0.1 33.00 132.00 165.00 OK
r-oldrel-macos-arm64 2.0.1 35.00 OK
r-oldrel-macos-x86_64 2.0.1 53.00 OK
r-oldrel-windows-ix86+x86_64 2.0.1 40.00 135.00 175.00 WARN

Check Details

Version: 2.0.1
Check: re-building of vignette outputs
Result: WARN
    Error(s) in re-building vignettes:
    --- re-building 'glmtlp.Rmd' using rmarkdown
    ! Package inputenc Error: Unicode char รข<c2><80><c2><90> (U+2010)
    (inputenc) not set up for use with LaTeX.
    
    Error: processing vignette 'glmtlp.Rmd' failed with diagnostics:
    LaTeX failed to compile d:/RCompile/CRANpkg/local/4.1/glmtlp.Rcheck/vign_test/glmtlp/vignettes/glmtlp.tex. See https://yihui.org/tinytex/r/#debugging for debugging tips. See glmtlp.log for more info.
    --- failed re-building 'glmtlp.Rmd'
    
    SUMMARY: processing the following file failed:
     'glmtlp.Rmd'
    
    Error: Vignette re-building failed.
    Execution halted
Flavor: r-oldrel-windows-ix86+x86_64