Last updated on 2025-11-03 21:50:22 CET.
| Flavor | Version | Tinstall | Tcheck | Ttotal | Status | Flags | 
|---|---|---|---|---|---|---|
| r-devel-linux-x86_64-debian-clang | 4.1-10 | 94.32 | 262.42 | 356.74 | OK | |
| r-devel-linux-x86_64-debian-gcc | 4.1-10 | 77.42 | 178.30 | 255.72 | OK | |
| r-devel-linux-x86_64-fedora-clang | 4.1-10 | 374.00 | 204.47 | 578.47 | OK | |
| r-devel-linux-x86_64-fedora-gcc | 4.1-10 | 227.00 | 361.43 | 588.43 | OK | |
| r-devel-windows-x86_64 | 4.1-10 | 100.00 | 393.00 | 493.00 | OK | |
| r-patched-linux-x86_64 | 4.1-10 | 104.99 | 260.82 | 365.81 | OK | |
| r-release-linux-x86_64 | 4.1-10 | 102.59 | 246.10 | 348.69 | OK | |
| r-release-macos-arm64 | 4.1-10 | 40.00 | 108.00 | 148.00 | OK | |
| r-release-macos-x86_64 | 4.1-10 | 73.00 | 237.00 | 310.00 | OK | |
| r-release-windows-x86_64 | 4.1-10 | 100.00 | 373.00 | 473.00 | OK | |
| r-oldrel-macos-arm64 | 4.1-10 | 36.00 | 74.00 | 110.00 | NOTE | |
| r-oldrel-macos-x86_64 | 4.1-10 | 78.00 | 223.00 | 301.00 | NOTE | |
| r-oldrel-windows-x86_64 | 4.1-10 | 121.00 | 420.00 | 541.00 | OK | 
Version: 4.1-10
Check: installed package size
Result: NOTE
    installed size is 33.9Mb
    sub-directories of 1Mb or more:
      libs  31.9Mb
Flavors: r-oldrel-macos-arm64, r-oldrel-macos-x86_64