Last updated on 2024-03-28 19:48:32 CET.
Flavor | Version | Tinstall | Tcheck | Ttotal | Status | Flags |
---|---|---|---|---|---|---|
r-devel-linux-x86_64-debian-clang | 4.1-8 | 157.27 | 293.70 | 450.97 | OK | |
r-devel-linux-x86_64-debian-gcc | 4.1-8 | 126.58 | 221.70 | 348.28 | OK | |
r-devel-linux-x86_64-fedora-clang | 4.1-8 | 577.10 | OK | |||
r-devel-linux-x86_64-fedora-gcc | 4.1-8 | 622.97 | OK | |||
r-devel-windows-x86_64 | 4.1-8 | 100.00 | 383.00 | 483.00 | OK | |
r-patched-linux-x86_64 | 4.1-8 | 147.12 | 291.95 | 439.07 | OK | |
r-release-linux-x86_64 | 4.1-8 | 152.04 | 283.85 | 435.89 | OK | |
r-release-macos-arm64 | 4.1-8 | 173.00 | NOTE | |||
r-release-macos-x86_64 | 4.1-8 | 318.00 | NOTE | |||
r-release-windows-x86_64 | 4.1-8 | 121.00 | 407.00 | 528.00 | OK | |
r-oldrel-macos-arm64 | 4.1-8 | 131.00 | NOTE | |||
r-oldrel-windows-x86_64 | 4.1-8 | 121.00 | 388.00 | 509.00 | OK |
Version: 4.1-8
Check: installed package size
Result: NOTE
installed size is 33.8Mb
sub-directories of 1Mb or more:
libs 31.8Mb
Flavors: r-release-macos-arm64, r-release-macos-x86_64, r-oldrel-macos-arm64