Last updated on 2024-04-22 20:53:37 CEST.
Flavor | Version | Tinstall | Tcheck | Ttotal | Status | Flags |
---|---|---|---|---|---|---|
r-devel-linux-x86_64-debian-clang | 0.8.1 | 1684.95 | 215.49 | 1900.44 | NOTE | |
r-devel-linux-x86_64-debian-gcc | 0.8.1 | 1649.46 | 264.14 | 1913.60 | NOTE | |
r-devel-linux-x86_64-fedora-clang | 0.8.1 | 2306.10 | NOTE | |||
r-devel-linux-x86_64-fedora-gcc | 0.8.1 | 3459.93 | NOTE | |||
r-prerel-macos-arm64 | 0.8.1 | 541.00 | NOTE | |||
r-prerel-macos-x86_64 | 0.8.1 | 531.00 | NOTE | |||
r-prerel-windows-x86_64 | 0.8.1 | 1287.00 | 295.00 | 1582.00 | NOTE | |
r-patched-linux-x86_64 | 0.8.1 | 1369.17 | 341.38 | 1710.55 | NOTE | |
r-release-linux-x86_64 | 0.8.1 | 0.01 | 3.09 | 3.10 | ERROR | |
r-release-macos-arm64 | 0.8.1 | 577.00 | NOTE | |||
r-release-macos-x86_64 | 0.8.1 | 553.00 | NOTE | |||
r-release-windows-x86_64 | 0.8.1 | 1709.00 | 353.00 | 2062.00 | NOTE | |
r-oldrel-macos-arm64 | 0.8.1 | 554.00 | NOTE | |||
r-oldrel-windows-x86_64 | 0.8.1 | 1706.00 | 320.00 | 2026.00 | NOTE |
Version: 0.8.1
Check: for GNU extensions in Makefiles
Result: NOTE
GNU make is a SystemRequirements.
Flavors: r-devel-linux-x86_64-debian-clang, r-devel-linux-x86_64-debian-gcc, r-devel-linux-x86_64-fedora-clang, r-devel-linux-x86_64-fedora-gcc, r-prerel-macos-arm64, r-prerel-macos-x86_64, r-prerel-windows-x86_64, r-patched-linux-x86_64, r-release-macos-arm64, r-release-macos-x86_64, r-release-windows-x86_64, r-oldrel-macos-arm64, r-oldrel-windows-x86_64
Version: 0.8.1
Check: installed package size
Result: NOTE
installed size is 11.4Mb
sub-directories of 1Mb or more:
libs 10.0Mb
Flavors: r-devel-linux-x86_64-fedora-clang, r-prerel-macos-arm64, r-prerel-macos-x86_64, r-prerel-windows-x86_64, r-release-macos-arm64, r-release-macos-x86_64, r-release-windows-x86_64, r-oldrel-macos-arm64, r-oldrel-windows-x86_64
Version: 0.8.1
Check: whether package can be installed
Result: ERROR
Installation failed.
Flavor: r-release-linux-x86_64