Last updated on 2024-04-19 20:56:39 CEST.
Flavor | Version | Tinstall | Tcheck | Ttotal | Status | Flags |
---|---|---|---|---|---|---|
r-devel-linux-x86_64-debian-clang | 1.1.9 | 267.60 | 380.36 | 647.96 | NOTE | |
r-devel-linux-x86_64-debian-gcc | 1.1.9 | NOTE | ||||
r-devel-linux-x86_64-fedora-clang | 1.1.9 | 832.92 | NOTE | |||
r-devel-linux-x86_64-fedora-gcc | 1.1.9 | 967.82 | NOTE | |||
r-prerel-macos-arm64 | 1.1.9 | 244.00 | NOTE | |||
r-prerel-macos-x86_64 | 1.1.9 | 495.00 | NOTE | |||
r-prerel-windows-x86_64 | 1.1.9 | 187.00 | 306.00 | 493.00 | NOTE | --no-vignettes |
r-patched-linux-x86_64 | 1.1.9 | 220.15 | 372.85 | 593.00 | NOTE | |
r-release-linux-x86_64 | 1.1.9 | 223.48 | 374.35 | 597.83 | NOTE | |
r-release-macos-arm64 | 1.1.9 | 252.00 | NOTE | |||
r-release-macos-x86_64 | 1.1.9 | 484.00 | NOTE | |||
r-release-windows-x86_64 | 1.1.9 | 327.00 | 339.00 | 666.00 | NOTE | --no-vignettes |
r-oldrel-macos-arm64 | 1.1.9 | 229.00 | NOTE | |||
r-oldrel-windows-x86_64 | 1.1.9 | 305.00 | 329.00 | 634.00 | NOTE | --no-vignettes |
Version: 1.1.9
Check: package dependencies
Result: NOTE
Package suggested but not available for checking: ‘dotwhisker’
Flavors: r-devel-linux-x86_64-debian-clang, r-devel-linux-x86_64-debian-gcc, r-devel-linux-x86_64-fedora-clang, r-devel-linux-x86_64-fedora-gcc, r-patched-linux-x86_64, r-release-linux-x86_64
Version: 1.1.9
Check: installed package size
Result: NOTE
installed size is 12.0Mb
sub-directories of 1Mb or more:
doc 1.3Mb
libs 6.5Mb
test_data 2.3Mb
vignette_data 1.1Mb
Flavors: r-devel-linux-x86_64-fedora-clang, r-prerel-macos-arm64, r-prerel-macos-x86_64, r-release-macos-arm64, r-release-macos-x86_64, r-oldrel-macos-arm64
Version: 1.1.9
Flags: --no-vignettes
Check: installed package size
Result: NOTE
installed size is 9.8Mb
sub-directories of 1Mb or more:
doc 1.3Mb
libs 4.4Mb
test_data 2.3Mb
vignette_data 1.1Mb
Flavors: r-prerel-windows-x86_64, r-release-windows-x86_64, r-oldrel-windows-x86_64