CRAN Package Check Results for Package glmmPen

Last updated on 2022-09-28 21:51:38 CEST.

Flavor Version Tinstall Tcheck Ttotal Status Flags
r-devel-linux-x86_64-debian-clang 1.5.1.10 459.07 187.15 646.22 NOTE
r-devel-linux-x86_64-debian-gcc 1.5.1.10 407.41 155.11 562.52 NOTE
r-devel-linux-x86_64-fedora-clang 1.5.1.10 866.36 NOTE
r-devel-linux-x86_64-fedora-gcc 1.5.1.10 998.32 NOTE
r-devel-windows-x86_64 1.5.1.10 355.00 244.00 599.00 NOTE
r-patched-linux-x86_64 1.5.1.10 394.67 196.70 591.37 OK
r-release-linux-x86_64 1.5.1.10 356.16 198.92 555.08 OK
r-release-macos-arm64 1.5.1.10 194.00 NOTE
r-release-macos-x86_64 1.5.1.10 293.00 NOTE
r-release-windows-x86_64 1.5.1.10 848.00 261.00 1109.00 OK
r-oldrel-macos-arm64 1.5.1.10 227.00 NOTE
r-oldrel-macos-x86_64 1.5.1.10 271.00 NOTE
r-oldrel-windows-ix86+x86_64 1.5.1.10 1072.00 290.00 1362.00 NOTE

Check Details

Version: 1.5.1.10
Check: Rd files
Result: NOTE
    checkRd: (-1) basal.Rd:32: Escaped LaTeX specials: \_
    checkRd: (-1) basal.Rd:33: Escaped LaTeX specials: \_ \_ \_
Flavors: r-devel-linux-x86_64-debian-clang, r-devel-linux-x86_64-debian-gcc, r-devel-linux-x86_64-fedora-clang, r-devel-linux-x86_64-fedora-gcc, r-devel-windows-x86_64

Version: 1.5.1.10
Check: dependencies in R code
Result: NOTE
    Namespace in Imports field not imported from: ‘rstantools’
     All declared Imports should be used.
Flavors: r-devel-linux-x86_64-fedora-clang, r-devel-linux-x86_64-fedora-gcc, r-release-macos-arm64, r-release-macos-x86_64, r-oldrel-macos-arm64, r-oldrel-macos-x86_64

Version: 1.5.1.10
Check: installed package size
Result: NOTE
     installed size is 53.9Mb
     sub-directories of 1Mb or more:
     libs 52.9Mb
Flavors: r-release-macos-arm64, r-release-macos-x86_64, r-oldrel-macos-arm64, r-oldrel-macos-x86_64, r-oldrel-windows-ix86+x86_64