CRAN Package Check Results for Package glme

Last updated on 2022-09-28 21:51:38 CEST.

Flavor Version Tinstall Tcheck Ttotal Status Flags
r-devel-linux-x86_64-debian-clang 0.1.0 6.36 55.55 61.91 NOTE
r-devel-linux-x86_64-debian-gcc 0.1.0 4.91 41.50 46.41 NOTE
r-devel-linux-x86_64-fedora-clang 0.1.0 86.86 NOTE
r-devel-linux-x86_64-fedora-gcc 0.1.0 90.97 NOTE
r-devel-windows-x86_64 0.1.0 10.00 77.00 87.00 NOTE
r-patched-linux-x86_64 0.1.0 6.49 51.92 58.41 NOTE
r-release-linux-x86_64 0.1.0 4.89 52.74 57.63 NOTE
r-release-macos-arm64 0.1.0 26.00 NOTE
r-release-macos-x86_64 0.1.0 39.00 NOTE
r-release-windows-x86_64 0.1.0 9.00 81.00 90.00 NOTE
r-oldrel-macos-arm64 0.1.0 38.00 NOTE
r-oldrel-macos-x86_64 0.1.0 40.00 NOTE
r-oldrel-windows-ix86+x86_64 0.1.0 16.00 75.00 91.00 NOTE

Check Details

Version: 0.1.0
Check: LazyData
Result: NOTE
     'LazyData' is specified without a 'data' directory
Flavors: r-devel-linux-x86_64-debian-clang, r-devel-linux-x86_64-debian-gcc, r-devel-linux-x86_64-fedora-clang, r-devel-linux-x86_64-fedora-gcc, r-devel-windows-x86_64, r-patched-linux-x86_64, r-release-linux-x86_64, r-release-macos-arm64, r-release-macos-x86_64, r-release-windows-x86_64, r-oldrel-macos-arm64, r-oldrel-macos-x86_64, r-oldrel-windows-ix86+x86_64