Last updated on 2024-03-27 19:56:53 CET.
Flavor | Version | Tinstall | Tcheck | Ttotal | Status | Flags |
---|---|---|---|---|---|---|
r-devel-linux-x86_64-debian-clang | 0.5-1 | 2.12 | 54.97 | 57.09 | NOTE | |
r-devel-linux-x86_64-debian-gcc | 0.5-1 | 1.88 | 39.59 | 41.47 | NOTE | |
r-devel-linux-x86_64-fedora-clang | 0.5-1 | 69.18 | NOTE | |||
r-devel-linux-x86_64-fedora-gcc | 0.5-1 | 66.89 | NOTE | |||
r-devel-windows-x86_64 | 0.5-1 | 3.00 | 61.00 | 64.00 | NOTE | |
r-patched-linux-x86_64 | 0.5-1 | 2.86 | 52.21 | 55.07 | OK | |
r-release-linux-x86_64 | 0.5-1 | 2.85 | 53.27 | 56.12 | OK | |
r-release-macos-arm64 | 0.5-1 | 27.00 | OK | |||
r-release-macos-x86_64 | 0.5-1 | 39.00 | OK | |||
r-release-windows-x86_64 | 0.5-1 | 3.00 | 63.00 | 66.00 | OK | |
r-oldrel-macos-arm64 | 0.5-1 | 24.00 | OK | |||
r-oldrel-windows-x86_64 | 0.5-1 | 4.00 | 70.00 | 74.00 | OK |
Version: 0.5-1
Check: Rd files
Result: NOTE
checkRd: (-1) NEWS.Rd:16: Lost braces; missing escapes or markup?
16 | \item Now \code{AICc == Inf} when {n <= p + 1}.
| ^
Flavors: r-devel-linux-x86_64-debian-clang, r-devel-linux-x86_64-debian-gcc, r-devel-linux-x86_64-fedora-clang, r-devel-linux-x86_64-fedora-gcc, r-devel-windows-x86_64