CRAN Package Check Results for Package glinvci

Last updated on 2022-10-02 22:51:39 CEST.

Flavor Version Tinstall Tcheck Ttotal Status Flags
r-devel-linux-x86_64-debian-clang 1.1.18 57.49 136.96 194.45 WARN
r-devel-linux-x86_64-debian-gcc 1.1.18 51.23 84.37 135.60 OK
r-devel-linux-x86_64-fedora-clang 1.1.18 225.01 WARN
r-devel-linux-x86_64-fedora-gcc 1.1.18 223.22 OK
r-devel-windows-x86_64 1.1.18 70.00 138.00 208.00 OK
r-patched-linux-x86_64 1.1.18 52.52 101.34 153.86 OK
r-release-linux-x86_64 1.1.18 52.32 101.32 153.64 OK
r-release-macos-arm64 1.1.18 93.00 OK
r-release-macos-x86_64 1.1.18 68.00 OK
r-release-windows-x86_64 1.1.18 87.00 130.00 217.00 OK
r-oldrel-macos-arm64 1.1.18 75.00 OK
r-oldrel-macos-x86_64 1.1.18 70.00 OK
r-oldrel-windows-ix86+x86_64 1.1.18 65.00 167.00 232.00 OK

Additional issues

clang15 clang15 M1mac

Check Details

Version: 1.1.18
Check: whether package can be installed
Result: WARN
    Found the following significant warnings:
     phytr.c:1348:69: warning: for loop has empty body [-Wempty-body]
     phytr.c:1650:46: warning: for loop has empty body [-Wempty-body]
Flavors: r-devel-linux-x86_64-debian-clang, r-devel-linux-x86_64-fedora-clang