Last updated on 2023-03-26 01:51:57 CET.
Flavor | Version | Tinstall | Tcheck | Ttotal | Status | Flags |
---|---|---|---|---|---|---|
r-devel-linux-x86_64-debian-clang | 1.0.1 | 6.18 | 80.34 | 86.52 | NOTE | |
r-devel-linux-x86_64-debian-gcc | 1.0.1 | 5.20 | 60.20 | 65.40 | NOTE | |
r-devel-linux-x86_64-fedora-clang | 1.0.1 | 109.64 | NOTE | |||
r-devel-linux-x86_64-fedora-gcc | 1.0.1 | 115.39 | NOTE | |||
r-patched-linux-x86_64 | 1.0.1 | 5.07 | 79.60 | 84.67 | NOTE | |
r-release-linux-x86_64 | 1.0.1 | 7.01 | 79.61 | 86.62 | NOTE | |
r-release-macos-arm64 | 1.0.1 | 37.00 | NOTE | |||
r-release-macos-x86_64 | 1.0.1 | 74.00 | NOTE | |||
r-release-windows-x86_64 | 1.0.1 | 19.00 | 113.00 | 132.00 | NOTE | |
r-oldrel-macos-arm64 | 1.0.1 | 36.00 | NOTE | |||
r-oldrel-macos-x86_64 | 1.0.1 | 62.00 | NOTE | |||
r-oldrel-windows-ix86+x86_64 | 1.0.1 | 16.00 | 110.00 | 126.00 | NOTE |
Version: 1.0.1
Check: LazyData
Result: NOTE
'LazyData' is specified without a 'data' directory
Flavors: r-devel-linux-x86_64-debian-clang, r-devel-linux-x86_64-debian-gcc, r-devel-linux-x86_64-fedora-clang, r-devel-linux-x86_64-fedora-gcc, r-patched-linux-x86_64, r-release-linux-x86_64, r-release-macos-arm64, r-release-macos-x86_64, r-release-windows-x86_64, r-oldrel-macos-arm64, r-oldrel-macos-x86_64, r-oldrel-windows-ix86+x86_64