Last updated on 2025-11-23 20:48:49 CET.
| Flavor | Version | Tinstall | Tcheck | Ttotal | Status | Flags |
|---|---|---|---|---|---|---|
| r-devel-linux-x86_64-debian-clang | 3.0.1 | 90.57 | 31.67 | 122.24 | WARN | |
| r-devel-linux-x86_64-debian-gcc | 3.0.1 | 93.42 | 24.07 | 117.49 | WARN | |
| r-devel-linux-x86_64-fedora-clang | 3.0.1 | 145.00 | 18.36 | 163.36 | NOTE | |
| r-devel-linux-x86_64-fedora-gcc | 3.0.1 | 267.00 | -20.08 | 246.92 | NOTE | |
| r-devel-windows-x86_64 | 3.0.1 | 271.00 | 68.00 | 339.00 | NOTE | |
| r-patched-linux-x86_64 | 3.0.1 | 170.57 | 30.19 | 200.76 | NOTE | |
| r-release-linux-x86_64 | 3.0.1 | 169.91 | 30.46 | 200.37 | NOTE | |
| r-release-macos-arm64 | 3.0.1 | NOTE | ||||
| r-release-macos-x86_64 | 3.0.1 | 97.00 | 35.00 | 132.00 | NOTE | |
| r-release-windows-x86_64 | 3.0.1 | 267.00 | 81.00 | 348.00 | NOTE | |
| r-oldrel-macos-arm64 | 3.0.1 | NOTE | ||||
| r-oldrel-macos-x86_64 | 3.0.1 | 78.00 | 26.00 | 104.00 | NOTE | |
| r-oldrel-windows-x86_64 | 3.0.1 | 421.00 | 82.00 | 503.00 | NOTE |
Version: 3.0.1
Check: CRAN incoming feasibility
Result: NOTE
Maintainer: ‘Adam Lund <adam.lund@math.ku.dk>’
No Authors@R field in DESCRIPTION.
Please add one, modifying
Authors@R: person(given = "Adam",
family = "Lund",
role = c("aut", "cre"),
email = "adam.lund@math.ku.dk")
as necessary.
Flavors: r-devel-linux-x86_64-debian-clang, r-devel-linux-x86_64-debian-gcc
Version: 3.0.1
Check: whether package can be installed
Result: WARN
Found the following significant warnings:
/home/hornik/tmp/R.check/r-devel-clang/Work/build/Packages/RcppArmadillo/include/RcppArmadillo/version/arma.h:66:17: warning: Using fallback compilation with Armadillo 14.6.3. Please consider defining -DARMA_USE_CURRENT and also removing C++11 compilation directive. See GitHub issue #475 for more. [-W#pragma-messages]
See ‘/home/hornik/tmp/R.check/r-devel-clang/Work/PKGS/glamlasso.Rcheck/00install.out’ for details.
* used C compiler: ‘Debian clang version 21.1.5 (1)’
* used C++ compiler: ‘Debian clang version 21.1.5 (1)’
Flavor: r-devel-linux-x86_64-debian-clang
Version: 3.0.1
Check: C++ specification
Result: NOTE
Specified C++11: please drop specification unless essential
Flavors: r-devel-linux-x86_64-debian-clang, r-devel-linux-x86_64-debian-gcc, r-devel-linux-x86_64-fedora-clang, r-devel-linux-x86_64-fedora-gcc, r-devel-windows-x86_64, r-patched-linux-x86_64, r-release-linux-x86_64, r-release-macos-arm64, r-release-macos-x86_64, r-release-windows-x86_64, r-oldrel-macos-arm64, r-oldrel-macos-x86_64, r-oldrel-windows-x86_64
Version: 3.0.1
Check: whether package can be installed
Result: WARN
Found the following significant warnings:
/home/hornik/tmp/R.check/r-devel-gcc/Work/build/Packages/RcppArmadillo/include/RcppArmadillo/version/arma.h:66:199: note: ‘#pragma message: Using fallback compilation with Armadillo 14.6.3. Please consider defining -DARMA_USE_CURRENT and also removing C++11 compilation directive. See GitHub issue #475 for more.’
See ‘/home/hornik/tmp/R.check/r-devel-gcc/Work/PKGS/glamlasso.Rcheck/00install.out’ for details.
* used C compiler: ‘gcc-15 (Debian 15.2.0-7) 15.2.0’
* used C++ compiler: ‘g++-15 (Debian 15.2.0-7) 15.2.0’
Flavor: r-devel-linux-x86_64-debian-gcc
Version: 3.0.1
Check: installed package size
Result: NOTE
installed size is 9.9Mb
sub-directories of 1Mb or more:
libs 9.8Mb
Flavors: r-oldrel-macos-arm64, r-oldrel-macos-x86_64