Last updated on 2024-04-24 20:54:07 CEST.
Flavor | Version | Tinstall | Tcheck | Ttotal | Status | Flags |
---|---|---|---|---|---|---|
r-devel-linux-x86_64-debian-clang | 0.4.2 | 4.82 | 58.75 | 63.57 | OK | |
r-devel-linux-x86_64-debian-gcc | 0.4.2 | 3.35 | 43.68 | 47.03 | OK | |
r-devel-linux-x86_64-fedora-clang | 0.4.2 | 80.89 | NOTE | |||
r-devel-linux-x86_64-fedora-gcc | 0.4.2 | 89.09 | NOTE | |||
r-devel-windows-x86_64 | 0.4.2 | 5.00 | 68.00 | 73.00 | OK | |
r-patched-linux-x86_64 | 0.4.2 | 5.60 | 56.70 | 62.30 | OK | |
r-release-linux-x86_64 | 0.4.2 | 3.58 | 56.11 | 59.69 | OK | |
r-release-macos-arm64 | 0.4.2 | 58.00 | OK | |||
r-release-macos-x86_64 | 0.4.2 | 101.00 | OK | |||
r-release-windows-x86_64 | 0.4.2 | 5.00 | 67.00 | 72.00 | OK | |
r-oldrel-macos-arm64 | 0.4.2 | 48.00 | OK | |||
r-oldrel-macos-x86_64 | 0.4.2 | 90.00 | OK | |||
r-oldrel-windows-x86_64 | 0.4.2 | 6.00 | 71.00 | 77.00 | OK |
Version: 0.4.2
Check: data for non-ASCII characters
Result: NOTE
Note: found 1178 marked UTF-8 strings
Flavors: r-devel-linux-x86_64-fedora-clang, r-devel-linux-x86_64-fedora-gcc