CRAN Package Check Results for Package giphyr

Last updated on 2022-10-03 21:53:38 CEST.

Flavor Version Tinstall Tcheck Ttotal Status Flags
r-devel-linux-x86_64-debian-clang 0.2.0 6.73 59.76 66.49 NOTE
r-devel-linux-x86_64-debian-gcc 0.2.0 4.85 44.89 49.74 NOTE
r-devel-linux-x86_64-fedora-clang 0.2.0 93.44 NOTE
r-devel-linux-x86_64-fedora-gcc 0.2.0 92.25 NOTE
r-devel-windows-x86_64 0.2.0 15.00 89.00 104.00 NOTE
r-patched-linux-x86_64 0.2.0 5.75 55.42 61.17 NOTE
r-release-linux-x86_64 0.2.0 6.84 54.95 61.79 NOTE
r-release-macos-arm64 0.2.0 26.00 NOTE
r-release-macos-x86_64 0.2.0 50.00 NOTE
r-release-windows-x86_64 0.2.0 10.00 90.00 100.00 NOTE
r-oldrel-macos-arm64 0.2.0 26.00 NOTE
r-oldrel-macos-x86_64 0.2.0 49.00 NOTE
r-oldrel-windows-ix86+x86_64 0.2.0 16.00 81.00 97.00 NOTE

Check Details

Version: 0.2.0
Check: LazyData
Result: NOTE
     'LazyData' is specified without a 'data' directory
Flavors: r-devel-linux-x86_64-debian-clang, r-devel-linux-x86_64-debian-gcc, r-devel-linux-x86_64-fedora-clang, r-devel-linux-x86_64-fedora-gcc, r-devel-windows-x86_64, r-patched-linux-x86_64, r-release-linux-x86_64, r-release-macos-arm64, r-release-macos-x86_64, r-release-windows-x86_64, r-oldrel-macos-arm64, r-oldrel-macos-x86_64, r-oldrel-windows-ix86+x86_64