Last updated on 2025-05-03 21:51:19 CEST.
Flavor | Version | Tinstall | Tcheck | Ttotal | Status | Flags |
---|---|---|---|---|---|---|
r-devel-linux-x86_64-debian-clang | 0.1 | 4.53 | 38.20 | 42.73 | OK | |
r-devel-linux-x86_64-debian-gcc | 0.1 | 3.46 | 28.05 | 31.51 | OK | |
r-devel-linux-x86_64-fedora-clang | 0.1 | 69.90 | OK | |||
r-devel-linux-x86_64-fedora-gcc | 0.1 | 66.58 | OK | |||
r-devel-windows-x86_64 | 0.1 | 7.00 | 60.00 | 67.00 | OK | |
r-patched-linux-x86_64 | 0.1 | 4.72 | 35.33 | 40.05 | OK | |
r-release-linux-x86_64 | OK | |||||
r-release-macos-arm64 | 0.1 | 37.00 | OK | |||
r-release-macos-x86_64 | 0.1 | 38.00 | OK | |||
r-release-windows-x86_64 | 0.1 | 7.00 | 56.00 | 63.00 | OK | |
r-oldrel-macos-arm64 | 0.1 | 21.00 | NOTE | |||
r-oldrel-macos-x86_64 | 0.1 | 34.00 | NOTE | |||
r-oldrel-windows-x86_64 | 0.1 | 9.00 | 64.00 | 73.00 | NOTE |
Version: 0.1
Check: LazyData
Result: NOTE
'LazyData' is specified without a 'data' directory
Flavors: r-oldrel-macos-arm64, r-oldrel-macos-x86_64, r-oldrel-windows-x86_64