Last updated on 2023-10-04 20:42:28 CEST.
Flavor | Version | Tinstall | Tcheck | Ttotal | Status | Flags |
---|---|---|---|---|---|---|
r-devel-linux-x86_64-debian-clang | 3.4.2 | 17.83 | 164.98 | 182.81 | NOTE | |
r-devel-linux-x86_64-debian-gcc | 3.4.2 | 11.34 | 119.63 | 130.97 | NOTE | |
r-devel-linux-x86_64-fedora-clang | 3.4.2 | 220.08 | NOTE | |||
r-devel-linux-x86_64-fedora-gcc | 3.4.2 | 227.01 | NOTE | |||
r-devel-windows-x86_64 | 3.4.2 | 17.00 | 149.00 | 166.00 | NOTE | |
r-patched-linux-x86_64 | 3.4.2 | 23.56 | 155.96 | 179.52 | OK | |
r-release-linux-x86_64 | 3.4.2 | 15.80 | 155.97 | 171.77 | OK | |
r-release-macos-arm64 | 3.4.2 | 61.00 | OK | |||
r-release-macos-x86_64 | 3.4.2 | 93.00 | OK | |||
r-release-windows-x86_64 | 3.4.2 | 22.00 | 179.00 | 201.00 | OK | |
r-oldrel-macos-arm64 | 3.4.2 | 68.00 | OK | |||
r-oldrel-macos-x86_64 | 3.4.2 | 79.00 | OK | |||
r-oldrel-windows-x86_64 | 3.4.2 | 24.00 | 159.00 | 183.00 | OK |
Version: 3.4.2
Check: Rd \usage sections
Result: NOTE
Documented arguments not in \usage in documentation object 'ggplot_gtable':
‘plot’
Documented arguments not in \usage in documentation object 'zzz-internal':
‘latex’ ‘ggplot’
Functions with \usage entries need to have the appropriate \alias
entries, and all their arguments documented.
The \usage entries must correspond to syntactically valid R code.
See chapter ‘Writing R documentation files’ in the ‘Writing R
Extensions’ manual.
Flavors: r-devel-linux-x86_64-debian-clang, r-devel-linux-x86_64-debian-gcc, r-devel-linux-x86_64-fedora-clang, r-devel-linux-x86_64-fedora-gcc, r-devel-windows-x86_64
Version: 3.4.2
Check: Rd cross-references
Result: NOTE
Undeclared packages ‘chemometrics’, ‘rlang’ in Rd xrefs
Flavor: r-devel-linux-x86_64-fedora-clang