CRAN Package Check Results for Package ggsoccer

Last updated on 2022-09-27 21:53:50 CEST.

Flavor Version Tinstall Tcheck Ttotal Status Flags
r-devel-linux-x86_64-debian-clang 0.1.6 5.31 57.06 62.37 NOTE
r-devel-linux-x86_64-debian-gcc 0.1.6 4.36 42.25 46.61 NOTE
r-devel-linux-x86_64-fedora-clang 0.1.6 88.25 NOTE
r-devel-linux-x86_64-fedora-gcc 0.1.6 88.73 NOTE
r-devel-windows-x86_64 0.1.6 19.00 81.00 100.00 NOTE
r-patched-linux-x86_64 0.1.6 5.25 53.78 59.03 NOTE
r-release-linux-x86_64 0.1.6 3.39 53.38 56.77 NOTE
r-release-macos-arm64 0.1.6 25.00 NOTE
r-release-macos-x86_64 0.1.6 43.00 NOTE
r-release-windows-x86_64 0.1.6 18.00 85.00 103.00 NOTE
r-oldrel-macos-arm64 0.1.6 27.00 NOTE
r-oldrel-macos-x86_64 0.1.6 39.00 NOTE
r-oldrel-windows-ix86+x86_64 0.1.6 15.00 77.00 92.00 NOTE

Check Details

Version: 0.1.6
Check: LazyData
Result: NOTE
     'LazyData' is specified without a 'data' directory
Flavors: r-devel-linux-x86_64-debian-clang, r-devel-linux-x86_64-debian-gcc, r-devel-linux-x86_64-fedora-clang, r-devel-linux-x86_64-fedora-gcc, r-devel-windows-x86_64, r-patched-linux-x86_64, r-release-linux-x86_64, r-release-macos-arm64, r-release-macos-x86_64, r-release-windows-x86_64, r-oldrel-macos-arm64, r-oldrel-macos-x86_64, r-oldrel-windows-ix86+x86_64