CRAN Package Check Results for Package ggside

Last updated on 2024-06-12 20:58:57 CEST.

Flavor Version Tinstall Tcheck Ttotal Status Flags
r-devel-linux-x86_64-debian-clang 0.3.1 17.81 232.94 250.75 OK
r-devel-linux-x86_64-debian-gcc 0.3.1 1.73 1.77 3.50 ERROR
r-devel-linux-x86_64-fedora-clang 0.3.1 320.29 OK
r-devel-linux-x86_64-fedora-gcc 0.3.1 305.63 OK
r-devel-windows-x86_64 0.3.1 13.00 181.00 194.00 OK
r-patched-linux-x86_64 0.3.1 18.73 226.49 245.22 OK
r-release-linux-x86_64 0.3.1 11.89 220.47 232.36 OK
r-release-macos-arm64 0.3.1 81.00 OK
r-release-macos-x86_64 0.3.1 128.00 OK
r-release-windows-x86_64 0.3.1 15.00 172.00 187.00 OK
r-oldrel-macos-arm64 0.3.1 84.00 OK
r-oldrel-macos-x86_64 0.3.1 174.00 OK
r-oldrel-windows-x86_64 0.3.1 18.00 221.00 239.00 OK

Check Details

Version: 0.3.1
Check: package dependencies
Result: ERROR Packages required but not available: 'ggplot2', 'tibble', 'vctrs' Packages suggested but not available for checking: 'tidyr', 'dplyr', 'testthat', 'vdiffr', 'ggdendro', 'viridis', 'waldo' See section ‘The DESCRIPTION file’ in the ‘Writing R Extensions’ manual. Flavor: r-devel-linux-x86_64-debian-gcc