Last updated on 2024-07-17 20:57:00 CEST.
Flavor | Version | Tinstall | Tcheck | Ttotal | Status | Flags |
---|---|---|---|---|---|---|
r-devel-linux-x86_64-debian-clang | 1.2 | 16.48 | 133.98 | 150.46 | OK | |
r-devel-linux-x86_64-debian-gcc | 1.2 | 13.93 | 99.62 | 113.55 | OK | |
r-devel-linux-x86_64-fedora-clang | 1.2 | 193.22 | NOTE | |||
r-devel-linux-x86_64-fedora-gcc | 1.2 | 179.02 | OK | |||
r-devel-windows-x86_64 | 1.2 | 19.00 | 104.00 | 123.00 | NOTE | |
r-patched-linux-x86_64 | 1.2 | 15.15 | 127.39 | 142.54 | OK | |
r-release-linux-x86_64 | 1.2 | 16.26 | 126.70 | 142.96 | OK | |
r-release-macos-arm64 | 1.2 | 50.00 | NOTE | |||
r-release-macos-x86_64 | 1.2 | 74.00 | NOTE | |||
r-release-windows-x86_64 | 1.2 | 20.00 | 108.00 | 128.00 | NOTE | |
r-oldrel-macos-arm64 | 1.2 | 57.00 | NOTE | |||
r-oldrel-macos-x86_64 | 1.2 | 91.00 | NOTE | |||
r-oldrel-windows-x86_64 | 1.2 | 26.00 | 128.00 | 154.00 | NOTE |
Version: 1.2
Check: installed package size
Result: NOTE
installed size is 9.4Mb
sub-directories of 1Mb or more:
extdata 9.1Mb
Flavors: r-devel-linux-x86_64-fedora-clang, r-devel-windows-x86_64, r-release-macos-arm64, r-release-macos-x86_64, r-release-windows-x86_64, r-oldrel-macos-arm64, r-oldrel-macos-x86_64, r-oldrel-windows-x86_64