Last updated on 2024-04-22 20:53:37 CEST.
Flavor | Version | Tinstall | Tcheck | Ttotal | Status | Flags |
---|---|---|---|---|---|---|
r-devel-linux-x86_64-debian-clang | 1.2 | 16.87 | 137.71 | 154.58 | OK | |
r-devel-linux-x86_64-debian-gcc | 1.2 | 15.54 | 99.02 | 114.56 | OK | |
r-devel-linux-x86_64-fedora-clang | 1.2 | 203.09 | NOTE | |||
r-devel-linux-x86_64-fedora-gcc | 1.2 | 192.17 | OK | |||
r-prerel-macos-arm64 | 1.2 | 50.00 | NOTE | |||
r-prerel-windows-x86_64 | 1.2 | 21.00 | 108.00 | 129.00 | NOTE | |
r-patched-linux-x86_64 | 1.2 | 12.70 | 128.79 | 141.49 | OK | |
r-release-linux-x86_64 | 1.2 | 15.05 | 127.51 | 142.56 | OK | |
r-release-macos-arm64 | 1.2 | 57.00 | NOTE | |||
r-release-macos-x86_64 | 1.2 | 91.00 | NOTE | |||
r-release-windows-x86_64 | 1.2 | 25.00 | 125.00 | 150.00 | NOTE | |
r-oldrel-macos-arm64 | 1.2 | 55.00 | NOTE | |||
r-oldrel-windows-x86_64 | 1.2 | 28.00 | 131.00 | 159.00 | NOTE |
Version: 1.2
Check: installed package size
Result: NOTE
installed size is 9.4Mb
sub-directories of 1Mb or more:
extdata 9.1Mb
Flavors: r-devel-linux-x86_64-fedora-clang, r-prerel-macos-arm64, r-prerel-windows-x86_64, r-release-macos-arm64, r-release-macos-x86_64, r-release-windows-x86_64, r-oldrel-macos-arm64, r-oldrel-windows-x86_64