Last updated on 2024-04-27 21:20:21 CEST.
Flavor | Version | Tinstall | Tcheck | Ttotal | Status | Flags |
---|---|---|---|---|---|---|
r-devel-linux-x86_64-debian-clang | 0.1.2 | 3.72 | 32.72 | 36.44 | NOTE | |
r-devel-linux-x86_64-debian-gcc | 0.1.2 | 3.47 | 24.71 | 28.18 | NOTE | |
r-devel-linux-x86_64-fedora-clang | 0.1.2 | 46.58 | NOTE | |||
r-devel-linux-x86_64-fedora-gcc | 0.1.2 | 44.08 | NOTE | |||
r-devel-windows-x86_64 | 0.1.2 | 5.00 | 44.00 | 49.00 | NOTE | |
r-patched-linux-x86_64 | 0.1.2 | 8.35 | 29.98 | 38.33 | NOTE | |
r-release-linux-x86_64 | 0.1.2 | 4.26 | 31.58 | 35.84 | NOTE | |
r-release-macos-arm64 | 0.1.2 | 18.00 | NOTE | |||
r-release-windows-x86_64 | 0.1.2 | 6.00 | 44.00 | 50.00 | NOTE | |
r-oldrel-macos-arm64 | 0.1.2 | 20.00 | NOTE | |||
r-oldrel-macos-x86_64 | 0.1.2 | 26.00 | NOTE | |||
r-oldrel-windows-x86_64 | 0.1.2 | 8.00 | 47.00 | 55.00 | NOTE |
Version: 0.1.2
Check: LazyData
Result: NOTE
'LazyData' is specified without a 'data' directory
Flavors: r-devel-linux-x86_64-debian-clang, r-devel-linux-x86_64-debian-gcc, r-devel-linux-x86_64-fedora-clang, r-devel-linux-x86_64-fedora-gcc, r-devel-windows-x86_64, r-patched-linux-x86_64, r-release-linux-x86_64, r-release-macos-arm64, r-release-windows-x86_64, r-oldrel-macos-arm64, r-oldrel-macos-x86_64, r-oldrel-windows-x86_64
Version: 0.1.2
Check: dependencies in R code
Result: NOTE
Namespaces in Imports field not imported from:
‘dplyr’ ‘grid’ ‘scales’
All declared Imports should be used.
Flavors: r-devel-linux-x86_64-fedora-clang, r-devel-linux-x86_64-fedora-gcc