Last updated on 2024-04-23 20:52:05 CEST.
Flavor | Version | Tinstall | Tcheck | Ttotal | Status | Flags |
---|---|---|---|---|---|---|
r-devel-linux-x86_64-debian-clang | 0.1.1 | 1.82 | 23.95 | 25.77 | OK | |
r-devel-linux-x86_64-debian-gcc | 0.1.1 | 1.77 | 18.80 | 20.57 | OK | |
r-devel-linux-x86_64-fedora-clang | 0.1.1 | 33.11 | NOTE | |||
r-devel-linux-x86_64-fedora-gcc | 0.1.1 | 31.47 | OK | |||
r-prerel-macos-arm64 | 0.1.1 | 15.00 | OK | |||
r-prerel-windows-x86_64 | 0.1.1 | 2.00 | 40.00 | 42.00 | OK | |
r-patched-linux-x86_64 | 0.1.1 | 2.14 | 22.92 | 25.06 | OK | |
r-release-linux-x86_64 | 0.1.1 | 2.22 | 21.46 | 23.68 | OK | |
r-release-macos-arm64 | 0.1.1 | 16.00 | OK | |||
r-release-macos-x86_64 | 0.1.1 | 19.00 | OK | |||
r-release-windows-x86_64 | 0.1.1 | 4.00 | 38.00 | 42.00 | OK | |
r-oldrel-macos-arm64 | 0.1.1 | 15.00 | OK | |||
r-oldrel-windows-x86_64 | 0.1.1 | 3.00 | 44.00 | 47.00 | OK |
Version: 0.1.1
Check: Rd cross-references
Result: NOTE
Undeclared package ‘dwlm’ in Rd xrefs
Flavor: r-devel-linux-x86_64-fedora-clang