Last updated on 2023-06-06 21:00:54 CEST.
Flavor | Version | Tinstall | Tcheck | Ttotal | Status | Flags |
---|---|---|---|---|---|---|
r-devel-linux-x86_64-debian-clang | 0.3.3 | 8.99 | 101.00 | 109.99 | NOTE | |
r-devel-linux-x86_64-debian-gcc | 0.3.3 | 7.37 | 76.31 | 83.68 | NOTE | |
r-devel-linux-x86_64-fedora-clang | 0.3.3 | 137.37 | NOTE | |||
r-devel-linux-x86_64-fedora-gcc | 0.3.3 | 140.08 | NOTE | |||
r-devel-windows-x86_64 | 0.3.3 | 9.00 | 99.00 | 108.00 | NOTE | |
r-patched-linux-x86_64 | 0.3.3 | 10.49 | 94.76 | 105.25 | NOTE | |
r-release-linux-x86_64 | 0.3.3 | 6.34 | 94.80 | 101.14 | NOTE | |
r-release-macos-arm64 | 0.3.3 | 51.00 | NOTE | |||
r-release-macos-x86_64 | 0.3.3 | 79.00 | NOTE | |||
r-release-windows-x86_64 | 0.3.3 | 14.00 | 116.00 | 130.00 | NOTE | |
r-oldrel-macos-arm64 | 0.3.3 | 41.00 | NOTE | |||
r-oldrel-macos-x86_64 | 0.3.3 | 72.00 | NOTE | |||
r-oldrel-windows-x86_64 | 0.3.3 | 12.00 | 113.00 | 125.00 | OK |
Version: 0.3.3
Check: dependencies in R code
Result: NOTE
‘:::’ call which should be ‘::’: ‘scales:::censor’
See the note in ?`:::` about the use of this operator.
Unexported object imported by a ‘:::’ call: ‘productplots:::bound’
See the note in ?`:::` about the use of this operator.
Flavors: r-devel-linux-x86_64-debian-clang, r-devel-linux-x86_64-debian-gcc, r-devel-linux-x86_64-fedora-clang, r-devel-linux-x86_64-fedora-gcc, r-devel-windows-x86_64, r-patched-linux-x86_64, r-release-linux-x86_64, r-release-macos-arm64, r-release-macos-x86_64, r-release-windows-x86_64
Version: 0.3.3
Check: dependencies in R code
Result: NOTE
Namespaces in Imports field not imported from:
‘productplots’ ‘scales’
All declared Imports should be used.
Flavors: r-oldrel-macos-arm64, r-oldrel-macos-x86_64