CRAN Package Check Results for Package ggmosaic

Last updated on 2024-06-12 20:58:57 CEST.

Flavor Version Tinstall Tcheck Ttotal Status Flags
r-devel-linux-x86_64-debian-clang 0.3.3 7.24 105.17 112.41 NOTE
r-devel-linux-x86_64-debian-gcc 0.3.3 0.42 1.74 2.16 ERROR
r-devel-linux-x86_64-fedora-clang 0.3.3 147.72 NOTE
r-devel-linux-x86_64-fedora-gcc 0.3.3 149.95 NOTE
r-devel-windows-x86_64 0.3.3 9.00 98.00 107.00 NOTE
r-patched-linux-x86_64 0.3.3 10.66 97.51 108.17 NOTE
r-release-linux-x86_64 0.3.3 8.65 96.44 105.09 NOTE
r-release-macos-arm64 0.3.3 48.00 NOTE
r-release-macos-x86_64 0.3.3 78.00 NOTE
r-release-windows-x86_64 0.3.3 9.00 96.00 105.00 NOTE
r-oldrel-macos-arm64 0.3.3 51.00 NOTE
r-oldrel-macos-x86_64 0.3.3 79.00 NOTE
r-oldrel-windows-x86_64 0.3.3 12.00 110.00 122.00 NOTE

Check Details

Version: 0.3.3
Check: dependencies in R code
Result: NOTE ':::' call which should be '::': ‘scales:::censor’ See the note in ?`:::` about the use of this operator. Unexported object imported by a ':::' call: ‘productplots:::bound’ See the note in ?`:::` about the use of this operator. Flavors: r-devel-linux-x86_64-debian-clang, r-devel-linux-x86_64-fedora-clang, r-devel-linux-x86_64-fedora-gcc, r-devel-windows-x86_64, r-patched-linux-x86_64, r-release-linux-x86_64, r-release-macos-arm64, r-release-macos-x86_64, r-release-windows-x86_64, r-oldrel-macos-arm64, r-oldrel-macos-x86_64, r-oldrel-windows-x86_64

Version: 0.3.3
Check: package dependencies
Result: ERROR Packages required but not available: 'ggplot2', 'productplots', 'dplyr', 'plotly', 'purrr', 'tidyr', 'ggrepel' Package suggested but not available for checking: ‘patchwork’ See section ‘The DESCRIPTION file’ in the ‘Writing R Extensions’ manual. Flavor: r-devel-linux-x86_64-debian-gcc