Last updated on 2024-03-28 19:48:32 CET.
Flavor | Version | Tinstall | Tcheck | Ttotal | Status | Flags |
---|---|---|---|---|---|---|
r-devel-linux-x86_64-debian-clang | 1.5.1 | 11.18 | 72.67 | 83.85 | OK | |
r-devel-linux-x86_64-debian-gcc | 1.5.1 | 10.28 | 42.31 | 52.59 | OK | |
r-devel-linux-x86_64-fedora-clang | 1.5.1 | 105.62 | NOTE | |||
r-devel-linux-x86_64-fedora-gcc | 1.5.1 | 102.20 | OK | |||
r-devel-windows-x86_64 | 1.5.1 | 13.00 | 92.00 | 105.00 | OK | |
r-patched-linux-x86_64 | 1.5.1 | 12.94 | 55.40 | 68.34 | OK | |
r-release-linux-x86_64 | 1.5 | 12.29 | 53.85 | 66.14 | OK | |
r-release-macos-arm64 | 1.5.1 | 72.00 | OK | |||
r-release-macos-x86_64 | 1.5.1 | 129.00 | OK | |||
r-release-windows-x86_64 | 1.5.1 | 16.00 | 88.00 | 104.00 | OK | |
r-oldrel-macos-arm64 | 1.5.1 | 55.00 | OK | |||
r-oldrel-windows-x86_64 | 1.5.1 | 14.00 | 91.00 | 105.00 | OK |
Version: 1.5.1
Check: installed package size
Result: NOTE
installed size is 5.4Mb
sub-directories of 1Mb or more:
libs 5.0Mb
Flavor: r-devel-linux-x86_64-fedora-clang