CRAN Package Check Results for Package ggip

Last updated on 2024-06-12 20:58:57 CEST.

Flavor Version Tinstall Tcheck Ttotal Status Flags
r-devel-linux-x86_64-debian-clang 0.3.2 51.49 82.59 134.08 OK
r-devel-linux-x86_64-debian-gcc 0.3.2 0.40 1.85 2.25 ERROR
r-devel-linux-x86_64-fedora-clang 0.3.2 183.66 OK
r-devel-linux-x86_64-fedora-gcc 0.3.2 185.02 OK
r-devel-windows-x86_64 0.3.2 37.00 102.00 139.00 OK
r-patched-linux-x86_64 0.3.2 37.91 79.04 116.95 OK
r-release-linux-x86_64 0.3.2 29.94 80.77 110.71 OK
r-release-macos-arm64 0.3.2 52.00 OK
r-release-macos-x86_64 0.3.2 71.00 OK
r-release-windows-x86_64 0.3.2 37.00 100.00 137.00 OK
r-oldrel-macos-arm64 0.3.2 53.00 OK
r-oldrel-macos-x86_64 0.3.2 91.00 OK
r-oldrel-windows-x86_64 0.3.2 46.00 120.00 166.00 OK

Check Details

Version: 0.3.2
Check: package dependencies
Result: ERROR Packages required but not available: 'ggplot2', 'ipaddress', 'dplyr', 'tidyr', 'vctrs' Package suggested but not available for checking: ‘testthat’ See section ‘The DESCRIPTION file’ in the ‘Writing R Extensions’ manual. Flavor: r-devel-linux-x86_64-debian-gcc