CRAN Package Check Results for Package gghilbertstrings

Last updated on 2025-04-29 21:49:48 CEST.

Flavor Version Tinstall Tcheck Ttotal Status Flags
r-devel-linux-x86_64-debian-clang 0.3.3 10.09 82.18 92.27 NOTE
r-devel-linux-x86_64-debian-gcc 0.3.3 6.94 64.99 71.93 NOTE
r-devel-linux-x86_64-fedora-clang 0.3.3 172.35 NOTE
r-devel-linux-x86_64-fedora-gcc 0.3.3 166.29 NOTE
r-devel-windows-x86_64 0.3.3 14.00 113.00 127.00 NOTE
r-patched-linux-x86_64 0.3.3 10.32 96.56 106.88 NOTE
r-release-linux-x86_64 0.3.3 9.95 93.76 103.71 NOTE
r-release-macos-arm64 0.3.3 55.00 NOTE
r-release-macos-x86_64 0.3.3 92.00 NOTE
r-release-windows-x86_64 0.3.3 16.00 112.00 128.00 NOTE
r-oldrel-macos-arm64 0.3.3 44.00 NOTE
r-oldrel-macos-x86_64 0.3.3 75.00 NOTE
r-oldrel-windows-x86_64 0.3.3 16.00 154.00 170.00 NOTE

Check Details

Version: 0.3.3
Check: C++ specification
Result: NOTE Specified C++11: please drop specification unless essential Flavors: r-devel-linux-x86_64-debian-clang, r-devel-linux-x86_64-debian-gcc, r-devel-linux-x86_64-fedora-clang, r-devel-linux-x86_64-fedora-gcc, r-devel-windows-x86_64, r-patched-linux-x86_64, r-release-linux-x86_64, r-release-macos-arm64, r-release-macos-x86_64, r-release-windows-x86_64, r-oldrel-macos-arm64, r-oldrel-macos-x86_64, r-oldrel-windows-x86_64