CRAN Package Check Results for Package gghalves

Last updated on 2022-10-03 21:53:38 CEST.

Flavor Version Tinstall Tcheck Ttotal Status Flags
r-devel-linux-x86_64-debian-clang 0.1.3 7.73 70.26 77.99 OK
r-devel-linux-x86_64-debian-gcc 0.1.3 5.51 52.29 57.80 OK
r-devel-linux-x86_64-fedora-clang 0.1.3 106.57 NOTE
r-devel-linux-x86_64-fedora-gcc 0.1.3 106.76 NOTE
r-devel-windows-x86_64 0.1.3 21.00 99.00 120.00 OK
r-patched-linux-x86_64 0.1.3 6.46 64.46 70.92 OK
r-release-linux-x86_64 0.1.3 7.30 64.57 71.87 OK
r-release-macos-arm64 0.1.3 38.00 NOTE
r-release-macos-x86_64 0.1.3 47.00 NOTE
r-release-windows-x86_64 0.1.3 20.00 95.00 115.00 OK
r-oldrel-macos-arm64 0.1.3 32.00 NOTE
r-oldrel-macos-x86_64 0.1.3 48.00 NOTE
r-oldrel-windows-ix86+x86_64 0.1.3 18.00 91.00 109.00 OK

Check Details

Version: 0.1.3
Check: dependencies in R code
Result: NOTE
    Namespaces in Imports field not imported from:
     ‘grDevices’ ‘gtable’
     All declared Imports should be used.
Flavors: r-devel-linux-x86_64-fedora-clang, r-devel-linux-x86_64-fedora-gcc, r-release-macos-arm64, r-release-macos-x86_64, r-oldrel-macos-arm64, r-oldrel-macos-x86_64