Last updated on 2025-05-09 20:49:51 CEST.
Flavor | Version | Tinstall | Tcheck | Ttotal | Status | Flags |
---|---|---|---|---|---|---|
r-devel-linux-x86_64-debian-clang | 0.2.1 | 5.18 | 88.83 | 94.01 | NOTE | |
r-devel-linux-x86_64-debian-gcc | 0.2.1 | 3.31 | 56.49 | 59.80 | NOTE | |
r-devel-linux-x86_64-fedora-clang | 0.2.1 | 136.21 | OK | |||
r-devel-linux-x86_64-fedora-gcc | 0.2.1 | 162.34 | OK | |||
r-devel-windows-x86_64 | 0.2.1 | 7.00 | 89.00 | 96.00 | OK | |
r-patched-linux-x86_64 | 0.2.1 | 5.05 | 84.06 | 89.11 | OK | |
r-release-linux-x86_64 | 0.2.1 | 3.80 | 82.40 | 86.20 | OK | |
r-release-macos-arm64 | 0.2.1 | 35.00 | OK | |||
r-release-macos-x86_64 | 0.2.1 | 48.00 | OK | |||
r-release-windows-x86_64 | 0.2.1 | 7.00 | 92.00 | 99.00 | OK | |
r-oldrel-macos-arm64 | 0.2.1 | 26.00 | NOTE | |||
r-oldrel-macos-x86_64 | 0.2.1 | 37.00 | NOTE | |||
r-oldrel-windows-x86_64 | 0.2.1 | 8.00 | 119.00 | 127.00 | NOTE |
Version: 0.2.1
Check: CRAN incoming feasibility
Result: NOTE
Maintainer: ‘Neal Grantham <neal@nsgrantham.com>’
No Authors@R field in DESCRIPTION.
Please add one, modifying
Authors@R: person(given = "Neal",
family = "Grantham",
role = c("aut", "cre"),
email = "neal@nsgrantham.com")
as necessary.
Flavors: r-devel-linux-x86_64-debian-clang, r-devel-linux-x86_64-debian-gcc
Version: 0.2.1
Check: LazyData
Result: NOTE
'LazyData' is specified without a 'data' directory
Flavors: r-oldrel-macos-arm64, r-oldrel-macos-x86_64, r-oldrel-windows-x86_64