Last updated on 2024-03-28 19:48:32 CET.
Flavor | Version | Tinstall | Tcheck | Ttotal | Status | Flags |
---|---|---|---|---|---|---|
r-devel-linux-x86_64-debian-clang | 0.1.0 | 5.63 | 53.22 | 58.85 | NOTE | |
r-devel-linux-x86_64-debian-gcc | 0.1.0 | 3.68 | 40.52 | 44.20 | NOTE | |
r-devel-linux-x86_64-fedora-clang | 0.1.0 | 71.97 | NOTE | |||
r-devel-linux-x86_64-fedora-gcc | 0.1.0 | 68.72 | NOTE | |||
r-devel-windows-x86_64 | 0.1.0 | 5.00 | 64.00 | 69.00 | NOTE | |
r-patched-linux-x86_64 | 0.1.0 | 3.51 | 52.33 | 55.84 | NOTE | |
r-release-linux-x86_64 | 0.1.0 | 3.76 | 52.51 | 56.27 | NOTE | |
r-release-macos-arm64 | 0.1.0 | 26.00 | NOTE | |||
r-release-macos-x86_64 | 0.1.0 | 37.00 | NOTE | |||
r-release-windows-x86_64 | 0.1.0 | 7.00 | 68.00 | 75.00 | NOTE | |
r-oldrel-macos-arm64 | 0.1.0 | 25.00 | NOTE | |||
r-oldrel-windows-x86_64 | 0.1.0 | 8.00 | 73.00 | 81.00 | NOTE |
Version: 0.1.0
Check: LazyData
Result: NOTE
'LazyData' is specified without a 'data' directory
Flavors: r-devel-linux-x86_64-debian-clang, r-devel-linux-x86_64-debian-gcc, r-devel-linux-x86_64-fedora-clang, r-devel-linux-x86_64-fedora-gcc, r-devel-windows-x86_64, r-patched-linux-x86_64, r-release-linux-x86_64, r-release-macos-arm64, r-release-macos-x86_64, r-release-windows-x86_64, r-oldrel-macos-arm64, r-oldrel-windows-x86_64