Last updated on 2024-04-23 20:52:04 CEST.
Flavor | Version | Tinstall | Tcheck | Ttotal | Status | Flags |
---|---|---|---|---|---|---|
r-devel-linux-x86_64-debian-clang | 0.8.1 | 191.73 | 188.38 | 380.11 | OK | |
r-devel-linux-x86_64-debian-gcc | 0.8.1 | 138.54 | 138.26 | 276.80 | OK | |
r-devel-linux-x86_64-fedora-clang | 0.8.1 | 545.43 | NOTE | |||
r-devel-linux-x86_64-fedora-gcc | 0.8.1 | 520.44 | OK | |||
r-prerel-macos-arm64 | 0.8.1 | 110.00 | NOTE | |||
r-prerel-windows-x86_64 | 0.8.1 | 147.00 | 164.00 | 311.00 | NOTE | |
r-patched-linux-x86_64 | 0.8.1 | 172.98 | 174.00 | 346.98 | OK | |
r-release-linux-x86_64 | 0.8.1 | 137.77 | 176.25 | 314.02 | OK | |
r-release-macos-arm64 | 0.8.1 | 120.00 | NOTE | |||
r-release-macos-x86_64 | 0.8.1 | 220.00 | NOTE | |||
r-release-windows-x86_64 | 0.8.1 | 178.00 | 209.00 | 387.00 | NOTE | |
r-oldrel-macos-arm64 | 0.8.1 | 88.00 | NOTE | |||
r-oldrel-windows-x86_64 | 0.8.1 | 174.00 | 199.00 | 373.00 | NOTE |
Version: 0.8.1
Check: installed package size
Result: NOTE
installed size is 5.5Mb
sub-directories of 1Mb or more:
doc 3.0Mb
extdata 1.6Mb
Flavors: r-devel-linux-x86_64-fedora-clang, r-prerel-macos-arm64, r-prerel-windows-x86_64, r-release-macos-arm64, r-release-macos-x86_64, r-release-windows-x86_64, r-oldrel-macos-arm64, r-oldrel-windows-x86_64