CRAN Package Check Results for Package ggbrain

Last updated on 2024-02-25 19:49:58 CET.

Flavor Version Tinstall Tcheck Ttotal Status Flags
r-devel-linux-x86_64-debian-clang 0.8.1 186.11 173.43 359.54 OK
r-devel-linux-x86_64-debian-gcc 0.8.1 149.34 131.59 280.93 OK
r-devel-linux-x86_64-fedora-clang 0.8.1 483.05 NOTE
r-devel-linux-x86_64-fedora-gcc 0.8.1 512.82 OK
r-devel-windows-x86_64 0.8.1 141.00 168.00 309.00 NOTE
r-patched-linux-x86_64 0.8.1 131.75 167.37 299.12 OK
r-release-linux-x86_64 0.8.1 146.77 168.66 315.43 OK
r-release-macos-arm64 0.8.1 120.00 NOTE
r-release-macos-x86_64 0.8.1 220.00 NOTE
r-release-windows-x86_64 0.8.1 180.00 212.00 392.00 NOTE
r-oldrel-macos-arm64 0.8.1 88.00 NOTE
r-oldrel-windows-x86_64 0.8.1 173.00 195.00 368.00 NOTE

Check Details

Version: 0.8.1
Check: installed package size
Result: NOTE installed size is 5.5Mb sub-directories of 1Mb or more: doc 3.0Mb extdata 1.6Mb Flavors: r-devel-linux-x86_64-fedora-clang, r-devel-windows-x86_64, r-release-macos-arm64, r-release-macos-x86_64, r-release-windows-x86_64, r-oldrel-macos-arm64, r-oldrel-windows-x86_64