Last updated on 2023-06-02 22:01:13 CEST.
Flavor | Version | Tinstall | Tcheck | Ttotal | Status | Flags |
---|---|---|---|---|---|---|
r-devel-linux-x86_64-debian-clang | 0.8.1 | 180.22 | 178.72 | 358.94 | OK | |
r-devel-linux-x86_64-debian-gcc | 0.8.1 | 132.53 | 132.87 | 265.40 | OK | |
r-devel-linux-x86_64-fedora-clang | 0.8.1 | 517.60 | NOTE | |||
r-devel-linux-x86_64-fedora-gcc | 0.8.1 | 559.23 | OK | |||
r-devel-windows-x86_64 | 0.8.1 | 139.00 | 170.00 | 309.00 | NOTE | |
r-patched-linux-x86_64 | 0.8.1 | OK | ||||
r-release-linux-x86_64 | 0.8.1 | 153.18 | 171.15 | 324.33 | OK | |
r-release-macos-arm64 | 0.8.1 | 120.00 | NOTE | |||
r-release-macos-x86_64 | 0.8.1 | 220.00 | NOTE | |||
r-release-windows-x86_64 | 0.8.1 | 181.00 | 221.00 | 402.00 | NOTE | |
r-oldrel-macos-arm64 | 0.8.1 | 88.00 | NOTE | |||
r-oldrel-macos-x86_64 | 0.8.1 | 150.00 | NOTE | |||
r-oldrel-windows-x86_64 | 0.8.1 | 174.00 | 197.00 | 371.00 | NOTE |
Version: 0.8.1
Check: installed package size
Result: NOTE
installed size is 5.5Mb
sub-directories of 1Mb or more:
doc 3.0Mb
extdata 1.6Mb
Flavors: r-devel-linux-x86_64-fedora-clang, r-devel-windows-x86_64, r-release-macos-arm64, r-release-macos-x86_64, r-release-windows-x86_64, r-oldrel-macos-arm64, r-oldrel-macos-x86_64, r-oldrel-windows-x86_64