Last updated on 2024-04-22 20:53:37 CEST.
Flavor | Version | Tinstall | Tcheck | Ttotal | Status | Flags |
---|---|---|---|---|---|---|
r-devel-linux-x86_64-debian-clang | 0.4.0 | 10.37 | 126.40 | 136.77 | NOTE | |
r-devel-linux-x86_64-debian-gcc | 0.4.0 | 7.02 | 95.96 | 102.98 | NOTE | |
r-devel-linux-x86_64-fedora-clang | 0.4.0 | 176.70 | NOTE | |||
r-devel-linux-x86_64-fedora-gcc | 0.4.0 | 176.65 | NOTE | |||
r-prerel-macos-arm64 | 0.4.0 | 50.00 | NOTE | |||
r-prerel-windows-x86_64 | 0.4.0 | 10.00 | 106.00 | 116.00 | NOTE | |
r-patched-linux-x86_64 | 0.4.0 | 15.15 | 120.87 | 136.02 | NOTE | |
r-release-linux-x86_64 | 0.4.0 | 9.28 | 122.47 | 131.75 | NOTE | |
r-release-macos-arm64 | 0.4.0 | 61.00 | NOTE | |||
r-release-macos-x86_64 | 0.4.0 | 89.00 | NOTE | |||
r-release-windows-x86_64 | 0.4.0 | 12.00 | 123.00 | 135.00 | NOTE | |
r-oldrel-macos-arm64 | 0.4.0 | 55.00 | NOTE | |||
r-oldrel-windows-x86_64 | 0.4.0 | 12.00 | 123.00 | 135.00 | NOTE |
Version: 0.4.0
Check: LazyData
Result: NOTE
'LazyData' is specified without a 'data' directory
Flavors: r-devel-linux-x86_64-debian-clang, r-devel-linux-x86_64-debian-gcc, r-devel-linux-x86_64-fedora-clang, r-devel-linux-x86_64-fedora-gcc, r-prerel-macos-arm64, r-prerel-windows-x86_64, r-patched-linux-x86_64, r-release-linux-x86_64, r-release-macos-arm64, r-release-macos-x86_64, r-release-windows-x86_64, r-oldrel-macos-arm64, r-oldrel-windows-x86_64
Version: 0.4.0
Check: dependencies in R code
Result: NOTE
Namespace in Imports field not imported from: ‘plotly’
All declared Imports should be used.
Flavors: r-devel-linux-x86_64-fedora-clang, r-devel-linux-x86_64-fedora-gcc, r-oldrel-macos-arm64